CRAN Package Check Results for Package dadjokeapi

Last updated on 2025-01-23 12:54:55 CET.

Flavor Version Tinstall Tcheck Ttotal Status Flags
r-devel-linux-x86_64-debian-clang 1.0.2 3.82 32.41 36.23 OK
r-devel-linux-x86_64-debian-gcc 1.0.2 2.56 24.84 27.40 OK
r-devel-linux-x86_64-fedora-clang 1.0.2 58.25 OK
r-devel-linux-x86_64-fedora-gcc 1.0.2 52.93 OK
r-devel-windows-x86_64 1.0.2 5.00 53.00 58.00 OK
r-patched-linux-x86_64 1.0.2 3.37 30.08 33.45 NOTE
r-release-linux-x86_64 1.0.2 3.48 29.86 33.34 NOTE
r-release-macos-arm64 1.0.2 29.00 NOTE
r-release-macos-x86_64 1.0.2 35.00 NOTE
r-release-windows-x86_64 1.0.2 5.00 51.00 56.00 NOTE
r-oldrel-macos-arm64 1.0.2 24.00 NOTE
r-oldrel-macos-x86_64 1.0.2 33.00 NOTE
r-oldrel-windows-x86_64 1.0.2 5.00 56.00 61.00 NOTE

Check Details

Version: 1.0.2
Check: LazyData
Result: NOTE 'LazyData' is specified without a 'data' directory Flavors: r-patched-linux-x86_64, r-release-linux-x86_64, r-release-macos-arm64, r-release-macos-x86_64, r-release-windows-x86_64, r-oldrel-macos-arm64, r-oldrel-macos-x86_64, r-oldrel-windows-x86_64