CRAN Package Check Results for Package dadjokeapi

Last updated on 2024-06-14 12:57:36 CEST.

Flavor Version Tinstall Tcheck Ttotal Status Flags
r-devel-linux-x86_64-debian-clang 1.0.2 2.96 41.53 44.49 NOTE
r-devel-linux-x86_64-debian-gcc 1.0.2 3.37 31.28 34.65 NOTE
r-devel-linux-x86_64-fedora-clang 1.0.2 56.45 NOTE
r-devel-linux-x86_64-fedora-gcc 1.0.2 53.46 NOTE
r-devel-windows-x86_64 1.0.2 5.00 51.00 56.00 NOTE
r-patched-linux-x86_64 1.0.2 3.26 39.19 42.45 NOTE
r-release-linux-x86_64 1.0.2 4.01 39.92 43.93 NOTE
r-release-macos-arm64 1.0.2 29.00 NOTE
r-release-macos-x86_64 1.0.2 35.00 NOTE
r-release-windows-x86_64 1.0.2 5.00 54.00 59.00 NOTE
r-oldrel-macos-arm64 1.0.2 24.00 NOTE
r-oldrel-macos-x86_64 1.0.2 33.00 NOTE
r-oldrel-windows-x86_64 1.0.2 6.00 57.00 63.00 NOTE

Check Details

Version: 1.0.2
Check: LazyData
Result: NOTE 'LazyData' is specified without a 'data' directory Flavors: r-devel-linux-x86_64-debian-clang, r-devel-linux-x86_64-debian-gcc, r-devel-linux-x86_64-fedora-clang, r-devel-linux-x86_64-fedora-gcc, r-devel-windows-x86_64, r-patched-linux-x86_64, r-release-linux-x86_64, r-release-macos-arm64, r-release-macos-x86_64, r-release-windows-x86_64, r-oldrel-macos-arm64, r-oldrel-macos-x86_64, r-oldrel-windows-x86_64