CRAN Package Check Results for Package dTBM

Last updated on 2022-10-04 07:49:45 CEST.

Flavor Version Tinstall Tcheck Ttotal Status Flags
r-devel-linux-x86_64-debian-clang 2.0 10.13 88.24 98.37 OK
r-devel-linux-x86_64-debian-gcc 2.0 8.87 66.40 75.27 OK
r-devel-linux-x86_64-fedora-clang 2.0 134.70 NOTE
r-devel-linux-x86_64-fedora-gcc 2.0 133.78 NOTE
r-devel-windows-x86_64 2.0 15.00 110.00 125.00 OK
r-patched-linux-x86_64 2.0 9.63 83.78 93.41 OK
r-release-linux-x86_64 2.0 9.42 85.58 95.00 OK
r-release-macos-arm64 2.0 49.00 NOTE
r-release-macos-x86_64 2.0 87.00 NOTE
r-release-windows-x86_64 2.0 16.00 106.00 122.00 OK
r-oldrel-macos-arm64 2.0 48.00 NOTE
r-oldrel-macos-x86_64 2.0 66.00 NOTE
r-oldrel-windows-ix86+x86_64 2.0 23.00 104.00 127.00 OK

Check Details

Version: 2.0
Check: data for non-ASCII characters
Result: NOTE
     Note: found 281 marked UTF-8 strings
Flavors: r-devel-linux-x86_64-fedora-clang, r-devel-linux-x86_64-fedora-gcc, r-release-macos-arm64, r-release-macos-x86_64, r-oldrel-macos-arm64, r-oldrel-macos-x86_64