CRAN Package Check Results for Package d3Tree

Last updated on 2021-11-26 19:52:47 CET.

Flavor Version Tinstall Tcheck Ttotal Status Flags
r-devel-linux-x86_64-debian-clang 0.2.2 4.75 45.05 49.80 OK
r-devel-linux-x86_64-debian-gcc 0.2.2 4.12 34.08 38.20 OK
r-devel-linux-x86_64-fedora-clang 0.2.2 71.27 NOTE
r-devel-linux-x86_64-fedora-gcc 0.2.2 57.21 NOTE
r-devel-windows-x86_64-new-UL 0.2.2 12.00 81.00 93.00 OK
r-devel-windows-x86_64-new-TK 0.2.2 NOTE
r-devel-windows-x86_64-old 0.2.2 7.00 76.00 83.00 OK
r-patched-linux-x86_64 0.2.2 3.99 41.49 45.48 OK
r-patched-solaris-x86 0.2.2 91.00 NOTE
r-release-linux-x86_64 0.2.2 OK
r-release-macos-arm64 0.2.2 NOTE
r-release-macos-x86_64 0.2.2 NOTE
r-release-windows-ix86+x86_64 0.2.2 14.00 51.00 65.00 OK
r-oldrel-macos-x86_64 0.2.2 NOTE
r-oldrel-windows-ix86+x86_64 0.2.2 23.00 61.00 84.00 OK

Check Details

Version: 0.2.2
Check: dependencies in R code
Result: NOTE
    Namespace in Imports field not imported from: ‘magrittr’
     All declared Imports should be used.
Flavors: r-devel-linux-x86_64-fedora-clang, r-devel-linux-x86_64-fedora-gcc, r-devel-windows-x86_64-new-TK, r-patched-solaris-x86, r-release-macos-arm64, r-release-macos-x86_64, r-oldrel-macos-x86_64