CRAN Package Check Results for Package cyjShiny

Last updated on 2022-09-26 12:53:19 CEST.

Flavor Version Tinstall Tcheck Ttotal Status Flags
r-devel-linux-x86_64-debian-clang 1.0.34 6.85 57.23 64.08 OK
r-devel-linux-x86_64-debian-gcc 1.0.34 6.28 44.88 51.16 OK
r-devel-linux-x86_64-fedora-clang 1.0.34 92.34 NOTE
r-devel-linux-x86_64-fedora-gcc 1.0.34 91.52 OK
r-devel-windows-x86_64 1.0.34 94.00 97.00 191.00 NOTE
r-patched-linux-x86_64 1.0.34 6.94 54.76 61.70 OK
r-release-linux-x86_64 1.0.34 6.27 55.32 61.59 OK
r-release-macos-arm64 1.0.34 31.00 NOTE
r-release-macos-x86_64 1.0.34 45.00 NOTE
r-release-windows-x86_64 1.0.34 78.00 95.00 173.00 NOTE
r-oldrel-macos-arm64 1.0.34 25.00 NOTE
r-oldrel-macos-x86_64 1.0.34 41.00 NOTE
r-oldrel-windows-ix86+x86_64 1.0.34 18.00 85.00 103.00 NOTE

Check Details

Version: 1.0.34
Check: installed package size
Result: NOTE
     installed size is 9.1Mb
     sub-directories of 1Mb or more:
     demos 4.4Mb
     extdata 1.4Mb
     htmlwidgets 1.5Mb
Flavors: r-devel-linux-x86_64-fedora-clang, r-devel-windows-x86_64, r-release-macos-arm64, r-release-macos-x86_64, r-release-windows-x86_64, r-oldrel-macos-arm64, r-oldrel-macos-x86_64, r-oldrel-windows-ix86+x86_64