CRAN Package Check Results for Package curl

Last updated on 2021-06-16 22:56:43 CEST.

Flavor Version Tinstall Tcheck Ttotal Status Flags
r-devel-linux-x86_64-debian-clang 4.3.1 7.17 40.99 48.16 NOTE
r-devel-linux-x86_64-debian-gcc 4.3.1 4.92 32.68 37.60 NOTE
r-devel-linux-x86_64-fedora-clang 4.3.1 65.82 NOTE
r-devel-linux-x86_64-fedora-gcc 4.3.1 56.75 NOTE
r-devel-windows-x86_64 4.3.1 51.00 171.00 222.00 NOTE
r-devel-windows-x86_64-gcc10-UCRT 4.3.1 ERROR
r-patched-linux-x86_64 4.3.1 6.49 40.42 46.91 NOTE
r-patched-solaris-x86 4.3.1 78.60 NOTE
r-release-linux-x86_64 4.3.1 5.98 39.96 45.94 NOTE
r-release-macos-arm64 4.3.1 NOTE
r-release-macos-x86_64 4.3.1 NOTE
r-release-windows-ix86+x86_64 4.3.1 81.00 249.00 330.00 NOTE
r-oldrel-macos-x86_64 4.3.1 NOTE
r-oldrel-windows-ix86+x86_64 4.3.1 76.00 258.00 334.00 NOTE

Check Details

Version: 4.3.1
Check: compiled code
Result: NOTE
    File 'curl/libs/curl.so':
     Found non-API call to R: 'R_new_custom_connection'
    
    Compiled code should not call non-API entry points in R.
    
    See 'Writing portable packages' in the 'Writing R Extensions' manual.
Flavors: r-devel-linux-x86_64-debian-clang, r-devel-linux-x86_64-debian-gcc, r-devel-linux-x86_64-fedora-clang, r-devel-linux-x86_64-fedora-gcc, r-patched-linux-x86_64, r-patched-solaris-x86, r-release-linux-x86_64, r-release-macos-arm64, r-release-macos-x86_64, r-oldrel-macos-x86_64

Version: 4.3.1
Check: installed package size
Result: NOTE
     installed size is 5.8Mb
     sub-directories of 1Mb or more:
     doc 2.1Mb
     libs 3.5Mb
Flavors: r-devel-windows-x86_64, r-release-windows-ix86+x86_64, r-oldrel-windows-ix86+x86_64

Version: 4.3.1
Check: compiled code
Result: NOTE
    File 'curl/libs/x64/curl.dll':
     Found non-API call to R: 'R_new_custom_connection'
    
    Compiled code should not call non-API entry points in R.
    
    See 'Writing portable packages' in the 'Writing R Extensions' manual.
Flavors: r-devel-windows-x86_64, r-devel-windows-x86_64-gcc10-UCRT

Version: 4.3.1
Check: whether package can be installed
Result: WARN
    Found the following significant warnings:
     WARNING: failed to apply patch patches/CRAN/curl.diff
Flavor: r-devel-windows-x86_64-gcc10-UCRT

Version: 4.3.1
Check: tests
Result: ERROR
     Running 'engine.R'
     Comparing 'engine.Rout' to 'engine.Rout.save' ...4d3
    < Using libcurl 7.74.0 with OpenSSL/1.1.1i
     Running 'spelling.R'
     Running 'testthat.R'
    Running the tests in 'tests/testthat.R' failed.
    Last 13 lines of output:
     + test_check("curl")
     + }
     This is libcurl version 7.74.0 with OpenSSL/1.1.1i (Schannel)
     Using test server: http://hb.opencpu.org
     == Skipped tests ===============================================================
     * On CRAN (1)
    
     == Failed tests ================================================================
     -- Failure (test-handle.R:139:7): Platform specific features -------------------
     `ssl_version` does not match "\\(OpenSSL.*\\) Schannel".
     Actual value: "OpenSSL/1\.1\.1i \(Schannel\)"
    
     [ FAIL 1 | WARN 0 | SKIP 1 | PASS 218 ]
     Error: Test failures
     Execution halted
Flavor: r-devel-windows-x86_64-gcc10-UCRT

Version: 4.3.1
Check: compiled code
Result: NOTE
    File 'curl/libs/i386/curl.dll':
     Found non-API call to R: 'R_new_custom_connection'
    File 'curl/libs/x64/curl.dll':
     Found non-API call to R: 'R_new_custom_connection'
    
    Compiled code should not call non-API entry points in R.
    
    See 'Writing portable packages' in the 'Writing R Extensions' manual.
Flavors: r-release-windows-ix86+x86_64, r-oldrel-windows-ix86+x86_64