CRAN Package Check Results for Package cumulocityr

Last updated on 2021-07-31 19:51:20 CEST.

Flavor Version Tinstall Tcheck Ttotal Status Flags
r-devel-linux-x86_64-debian-clang 0.1.0 2.33 24.52 26.85 NOTE
r-devel-linux-x86_64-debian-gcc 0.1.0 1.87 19.73 21.60 NOTE
r-devel-linux-x86_64-fedora-clang 0.1.0 41.66 NOTE
r-devel-linux-x86_64-fedora-gcc 0.1.0 31.24 NOTE
r-devel-windows-x86_64 0.1.0 3.00 40.00 43.00 NOTE
r-devel-windows-x86_64-gcc10-UCRT 0.1.0 NOTE
r-patched-linux-x86_64 0.1.0 NOTE
r-patched-solaris-x86 0.1.0 48.70 NOTE
r-release-linux-x86_64 0.1.0 1.97 23.92 25.89 NOTE
r-release-macos-arm64 0.1.0 NOTE
r-release-macos-x86_64 0.1.0 NOTE
r-release-windows-ix86+x86_64 0.1.0 5.00 40.00 45.00 NOTE
r-oldrel-macos-x86_64 0.1.0 OK
r-oldrel-windows-ix86+x86_64 0.1.0 4.00 43.00 47.00 OK

Check Details

Version: 0.1.0
Check: LazyData
Result: NOTE
     'LazyData' is specified without a 'data' directory
Flavors: r-devel-linux-x86_64-debian-clang, r-devel-linux-x86_64-debian-gcc, r-devel-linux-x86_64-fedora-clang, r-devel-linux-x86_64-fedora-gcc, r-devel-windows-x86_64, r-devel-windows-x86_64-gcc10-UCRT, r-patched-linux-x86_64, r-patched-solaris-x86, r-release-linux-x86_64, r-release-macos-arm64, r-release-macos-x86_64, r-release-windows-ix86+x86_64