CRAN Package Check Results for Package cubeview

Last updated on 2024-06-13 06:57:58 CEST.

Flavor Version Tinstall Tcheck Ttotal Status Flags
r-devel-linux-x86_64-debian-clang 0.2.0 31.22 294.78 326.00 NOTE
r-devel-linux-x86_64-debian-gcc 0.2.0 24.87 205.21 230.08 NOTE
r-devel-linux-x86_64-fedora-clang 0.2.0 383.87 NOTE
r-devel-linux-x86_64-fedora-gcc 0.2.0 358.33 NOTE
r-devel-windows-x86_64 0.2.0 24.00 164.00 188.00 NOTE
r-patched-linux-x86_64 0.2.0 33.74 274.28 308.02 NOTE
r-release-linux-x86_64 0.2.0 31.53 277.55 309.08 NOTE
r-release-macos-arm64 0.2.0 79.00 NOTE
r-release-macos-x86_64 0.2.0 133.00 NOTE
r-release-windows-x86_64 0.2.0 23.00 166.00 189.00 NOTE
r-oldrel-macos-arm64 0.2.0 87.00 NOTE
r-oldrel-macos-x86_64 0.2.0 149.00 NOTE
r-oldrel-windows-x86_64 0.2.0 32.00 216.00 248.00 NOTE

Check Details

Version: 0.2.0
Check: LazyData
Result: NOTE 'LazyData' is specified without a 'data' directory Flavors: r-devel-linux-x86_64-debian-clang, r-devel-linux-x86_64-debian-gcc, r-devel-linux-x86_64-fedora-clang, r-devel-linux-x86_64-fedora-gcc, r-devel-windows-x86_64, r-patched-linux-x86_64, r-release-linux-x86_64, r-release-macos-arm64, r-release-macos-x86_64, r-release-windows-x86_64, r-oldrel-macos-arm64, r-oldrel-macos-x86_64, r-oldrel-windows-x86_64