CRAN Package Check Results for Package cubble

Last updated on 2022-10-07 06:53:06 CEST.

Flavor Version Tinstall Tcheck Ttotal Status Flags
r-devel-linux-x86_64-debian-clang 0.1.1 16.74 312.29 329.03 OK
r-devel-linux-x86_64-debian-gcc 0.1.1 13.91 206.20 220.11 OK
r-devel-linux-x86_64-fedora-clang 0.1.1 427.42 OK
r-devel-linux-x86_64-fedora-gcc 0.1.1 401.20 OK
r-devel-windows-x86_64 0.1.1 50.00 347.00 397.00 OK
r-patched-linux-x86_64 0.1.1 14.82 293.61 308.43 OK
r-release-linux-x86_64 0.1.1 15.38 299.91 315.29 OK
r-release-macos-arm64 0.1.1 110.00 OK
r-release-macos-x86_64 0.1.1 148.00 OK
r-release-windows-x86_64 0.1.1 39.00 333.00 372.00 OK
r-oldrel-macos-arm64 0.1.1 117.00 OK
r-oldrel-macos-x86_64 0.1.1 148.00 OK
r-oldrel-windows-ix86+x86_64 0.1.1 40.00 378.00 418.00 WARN

Check Details

Version: 0.1.1
Check: re-building of vignette outputs
Result: WARN
    Error(s) in re-building vignettes:
    --- re-building 'aggregation.Rmd' using rmarkdown
    `summarise()` has grouped output by 'id'. You can override using the `.groups`
    argument.
    `summarise()` has grouped output by 'cluster', 'id'. You can override using the
    `.groups` argument.
    `geom_smooth()` using method = 'gam' and formula 'y ~ s(x, bs = "cs")'
    Adding missing grouping variables: `id`
    Quitting from lines 123-131 (aggregation.Rmd)
    Error: processing vignette 'aggregation.Rmd' failed with diagnostics:
    The package `concaveman` is required to calculate concave hulls
    --- failed re-building 'aggregation.Rmd'
    
    --- re-building 'cubble-design.Rmd' using rmarkdown
    
    Attaching package: 'dplyr'
    
    The following objects are masked from 'package:stats':
    
     filter, lag
    
    The following objects are masked from 'package:base':
    
     intersect, setdiff, setequal, union
    
    Warning: All elements of `...` must be named.
    Did you want `data = c(date, prcp, tmax, tmin)`?
    --- finished re-building 'cubble-design.Rmd'
    
    --- re-building 'cubble.Rmd' using rmarkdown
    
    Attaching package: 'dplyr'
    
    The following objects are masked from 'package:stats':
    
     filter, lag
    
    The following objects are masked from 'package:base':
    
     intersect, setdiff, setequal, union
    
    `summarise()` has grouped output by 'id', 'month'. You can override using the
    `.groups` argument.
    --- finished re-building 'cubble.Rmd'
    
    --- re-building 'import.Rmd' using rmarkdown
    i More than 10,000 keys: only use the first key to test spatial & temporal variables.
    --- finished re-building 'import.Rmd'
    
    --- re-building 'matching.Rmd' using rmarkdown
    The key variable is named differently in the two datasets. Coerce the key to id
    to bind them together.
    Warning: ggrepel: 1 unlabeled data points (too many overlaps). Consider increasing max.overlaps
    Warning: ggrepel: 1 unlabeled data points (too many overlaps). Consider increasing max.overlaps
    Detect site "ASN00088051" having multiple matches. Only keep the closest match.
    The key variable is named differently in the two datasets. Coerce the key to id
    to bind them together.
    Only bind the common variables from both datasets.
    --- finished re-building 'matching.Rmd'
    
    SUMMARY: processing the following file failed:
     'aggregation.Rmd'
    
    Error: Vignette re-building failed.
    Execution halted
Flavor: r-oldrel-windows-ix86+x86_64