CRAN Package Check Results for Package csranks

Last updated on 2024-02-25 21:49:30 CET.

Flavor Version Tinstall Tcheck Ttotal Status Flags
r-devel-linux-x86_64-debian-clang 1.2.2 6.31 98.03 104.34 OK
r-devel-linux-x86_64-debian-gcc 1.2.2 4.74 71.91 76.65 OK
r-devel-linux-x86_64-fedora-clang 1.2.2 125.58 NOTE
r-devel-linux-x86_64-fedora-gcc 1.2.2 133.78 NOTE
r-devel-windows-x86_64 1.2.2 7.00 91.00 98.00 OK
r-patched-linux-x86_64 1.2.2 5.94 94.33 100.27 OK
r-release-linux-x86_64 1.2.2 6.61 93.30 99.91 OK
r-release-macos-arm64 1.2.2 51.00 OK
r-release-macos-x86_64 1.2.2 87.00 OK
r-release-windows-x86_64 1.2.2 9.00 110.00 119.00 OK
r-oldrel-macos-arm64 1.2.2 48.00 OK
r-oldrel-windows-x86_64 1.2.2 9.00 111.00 120.00 OK

Check Details

Version: 1.2.2
Check: data for non-ASCII characters
Result: NOTE Note: found 2 marked UTF-8 strings Flavors: r-devel-linux-x86_64-fedora-clang, r-devel-linux-x86_64-fedora-gcc