CRAN Package Check Results for Package csmaps

Last updated on 2024-06-25 07:06:17 CEST.

Flavor Version Tinstall Tcheck Ttotal Status Flags
r-devel-linux-x86_64-debian-clang 2023.5.22 7.20 81.87 89.07 OK
r-devel-linux-x86_64-debian-gcc 2023.5.22 6.12 62.78 68.90 OK
r-devel-linux-x86_64-fedora-clang 2023.5.22 116.46 NOTE
r-devel-linux-x86_64-fedora-gcc 2023.5.22 130.26 OK
r-devel-windows-x86_64 2023.5.22 8.00 80.00 88.00 NOTE
r-patched-linux-x86_64 2023.5.22 8.72 80.73 89.45 OK
r-release-linux-x86_64 2023.5.22 6.83 79.12 85.95 OK
r-release-macos-arm64 2023.5.22 42.00 ERROR
r-release-macos-x86_64 2023.5.22 66.00 NOTE
r-release-windows-x86_64 2023.5.22 9.00 81.00 90.00 NOTE
r-oldrel-macos-arm64 2023.5.22 45.00 NOTE
r-oldrel-macos-x86_64 2023.5.22 133.00 NOTE
r-oldrel-windows-x86_64 2023.5.22 8.00 90.00 98.00 NOTE

Check Details

Version: 2023.5.22
Check: installed package size
Result: NOTE installed size is 5.7Mb sub-directories of 1Mb or more: data 3.8Mb doc 1.6Mb Flavors: r-devel-linux-x86_64-fedora-clang, r-devel-windows-x86_64, r-release-macos-arm64, r-release-macos-x86_64, r-release-windows-x86_64, r-oldrel-macos-arm64, r-oldrel-macos-x86_64, r-oldrel-windows-x86_64

Version: 2023.5.22
Check: re-building of vignette outputs
Result: ERROR Error(s) in re-building vignettes: ... --- re-building ‘csmaps.Rmd’ using rmarkdown --- finished re-building ‘csmaps.Rmd’ --- re-building ‘customization.Rmd’ using rmarkdown Quitting from lines 185-232 [unnamed-chunk-6] (customization.Rmd) Error: processing vignette 'customization.Rmd' failed with diagnostics: there is no package called 'csdata' --- failed re-building ‘customization.Rmd’ --- re-building ‘layout.Rmd’ using rmarkdown --- finished re-building ‘layout.Rmd’ --- re-building ‘naming_scheme.Rmd’ using rmarkdown --- finished re-building ‘naming_scheme.Rmd’ --- re-building ‘sf_interactive.Rmd’ using rmarkdown --- finished re-building ‘sf_interactive.Rmd’ SUMMARY: processing the following file failed: ‘customization.Rmd’ Error: Vignette re-building failed. Execution halted Flavor: r-release-macos-arm64