CRAN Package Check Results for Package crtests

Last updated on 2022-10-05 00:52:38 CEST.

Flavor Version Tinstall Tcheck Ttotal Status Flags
r-devel-linux-x86_64-debian-clang 0.2.1 2.99 51.43 54.42 NOTE
r-devel-linux-x86_64-debian-gcc 0.2.1 2.64 39.14 41.78 NOTE
r-devel-linux-x86_64-fedora-clang 0.2.1 81.30 NOTE
r-devel-linux-x86_64-fedora-gcc 0.2.1 76.05 NOTE
r-devel-windows-x86_64 0.2.1 21.00 87.00 108.00 NOTE
r-patched-linux-x86_64 0.2.1 3.39 48.01 51.40 NOTE
r-release-linux-x86_64 0.2.1 2.31 47.86 50.17 NOTE
r-release-macos-arm64 0.2.1 26.00 NOTE
r-release-macos-x86_64 0.2.1 42.00 NOTE
r-release-windows-x86_64 0.2.1 21.00 78.00 99.00 NOTE
r-oldrel-macos-arm64 0.2.1 31.00 NOTE
r-oldrel-macos-x86_64 0.2.1 42.00 NOTE
r-oldrel-windows-ix86+x86_64 0.2.1 8.00 76.00 84.00 NOTE

Check Details

Version: 0.2.1
Check: LazyData
Result: NOTE
     'LazyData' is specified without a 'data' directory
Flavors: r-devel-linux-x86_64-debian-clang, r-devel-linux-x86_64-debian-gcc, r-devel-linux-x86_64-fedora-clang, r-devel-linux-x86_64-fedora-gcc, r-devel-windows-x86_64, r-patched-linux-x86_64, r-release-linux-x86_64, r-release-macos-arm64, r-release-macos-x86_64, r-release-windows-x86_64, r-oldrel-macos-arm64, r-oldrel-macos-x86_64, r-oldrel-windows-ix86+x86_64