CRAN Package Check Results for Package crtests

Last updated on 2021-09-24 22:52:50 CEST.

Flavor Version Tinstall Tcheck Ttotal Status Flags
r-devel-linux-x86_64-debian-clang 0.2.1 3.05 46.72 49.77 NOTE
r-devel-linux-x86_64-debian-gcc 0.2.1 2.47 35.06 37.53 NOTE
r-devel-linux-x86_64-fedora-clang 0.2.1 66.99 NOTE
r-devel-linux-x86_64-fedora-gcc 0.2.1 56.82 NOTE
r-devel-windows-x86_64 0.2.1 4.00 55.00 59.00 NOTE
r-devel-windows-x86_64-gcc10-UCRT 0.2.1 NOTE
r-patched-linux-x86_64 0.2.1 3.80 43.94 47.74 NOTE
r-patched-solaris-x86 0.2.1 74.20 NOTE
r-release-linux-x86_64 0.2.1 2.99 43.53 46.52 NOTE
r-release-macos-arm64 0.2.1 NOTE
r-release-macos-x86_64 0.2.1 NOTE
r-release-windows-ix86+x86_64 0.2.1 7.00 46.00 53.00 NOTE
r-oldrel-macos-x86_64 0.2.1 OK
r-oldrel-windows-ix86+x86_64 0.2.1 5.00 49.00 54.00 OK

Check Details

Version: 0.2.1
Check: LazyData
Result: NOTE
     'LazyData' is specified without a 'data' directory
Flavors: r-devel-linux-x86_64-debian-clang, r-devel-linux-x86_64-debian-gcc, r-devel-linux-x86_64-fedora-clang, r-devel-linux-x86_64-fedora-gcc, r-devel-windows-x86_64, r-devel-windows-x86_64-gcc10-UCRT, r-patched-linux-x86_64, r-patched-solaris-x86, r-release-linux-x86_64, r-release-macos-arm64, r-release-macos-x86_64, r-release-windows-ix86+x86_64