Last updated on 2023-01-30 00:31:08 CET.
Flavor | Version | Tinstall | Tcheck | Ttotal | Status | Flags |
---|---|---|---|---|---|---|
r-devel-linux-x86_64-debian-clang | 2.0.3 | 11.73 | 204.78 | 216.51 | NOTE | |
r-devel-linux-x86_64-debian-gcc | 2.0.3 | 10.16 | 140.78 | 150.94 | NOTE | |
r-devel-linux-x86_64-fedora-clang | 2.0.3 | 259.63 | NOTE | |||
r-devel-linux-x86_64-fedora-gcc | 2.0.3 | 261.42 | NOTE | |||
r-devel-windows-x86_64 | 2.0.3 | 29.00 | 259.00 | 288.00 | NOTE | |
r-patched-linux-x86_64 | 2.0.3 | 12.80 | 189.86 | 202.66 | OK | |
r-release-linux-x86_64 | 2.0.3 | 12.69 | 184.61 | 197.30 | OK | |
r-release-macos-arm64 | 2.0.3 | 105.00 | OK | |||
r-release-macos-x86_64 | 2.0.3 | 174.00 | OK | |||
r-release-windows-x86_64 | 2.0.3 | 25.00 | 236.00 | 261.00 | OK | |
r-oldrel-macos-arm64 | 2.0.3 | 102.00 | OK | |||
r-oldrel-macos-x86_64 | 2.0.3 | 141.00 | OK | |||
r-oldrel-windows-ix86+x86_64 | 2.0.3 | 26.00 | 289.00 | 315.00 | OK |
Version: 2.0.3
Check: package subdirectories
Result: NOTE
Problems with news in ‘NEWS.md’:
Cannot extract version info from the following section titles:
Major features
Minor features
Flavors: r-devel-linux-x86_64-debian-clang, r-devel-linux-x86_64-debian-gcc, r-devel-linux-x86_64-fedora-clang, r-devel-linux-x86_64-fedora-gcc, r-devel-windows-x86_64
Version: 2.0.3
Check: Rd files
Result: NOTE
checkRd: (-1) handmovement.Rd:9: Escaped LaTeX specials: \_ \_
Flavors: r-devel-linux-x86_64-debian-clang, r-devel-linux-x86_64-debian-gcc, r-devel-linux-x86_64-fedora-clang, r-devel-linux-x86_64-fedora-gcc, r-devel-windows-x86_64