CRAN Package Check Results for Package crmPack

Last updated on 2021-09-25 01:50:14 CEST.

Flavor Version Tinstall Tcheck Ttotal Status Flags
r-devel-linux-x86_64-debian-clang 1.0.0 20.81 200.85 221.66 NOTE --no-vignettes
r-devel-linux-x86_64-debian-gcc 1.0.0 18.27 153.19 171.46 NOTE --no-vignettes
r-devel-linux-x86_64-fedora-clang 1.0.0 1477.38 OK
r-devel-linux-x86_64-fedora-gcc 1.0.0 1607.59 OK
r-devel-windows-x86_64 1.0.0 27.00 184.00 211.00 NOTE --no-vignettes
r-devel-windows-x86_64-gcc10-UCRT 1.0.0 OK --no-vignettes
r-patched-linux-x86_64 1.0.0 26.38 190.02 216.40 NOTE --no-vignettes
r-patched-solaris-x86 1.0.0 317.50 OK --no-vignettes
r-release-linux-x86_64 1.0.0 22.51 188.44 210.95 NOTE --no-vignettes
r-release-macos-arm64 1.0.0 OK
r-release-macos-x86_64 1.0.0 OK
r-release-windows-ix86+x86_64 1.0.0 56.00 187.00 243.00 NOTE --no-vignettes
r-oldrel-macos-x86_64 1.0.0 OK
r-oldrel-windows-ix86+x86_64 1.0.0 35.00 182.00 217.00 NOTE --no-vignettes

Check Details

Version: 1.0.0
Flags: --no-vignettes
Check: package vignettes
Result: NOTE
    Package vignette with placeholder title 'Vignette Title':
     'guidelines.Rmd'
Flavors: r-devel-linux-x86_64-debian-clang, r-devel-linux-x86_64-debian-gcc, r-devel-windows-x86_64, r-patched-linux-x86_64, r-release-linux-x86_64, r-release-windows-ix86+x86_64, r-oldrel-windows-ix86+x86_64