CRAN Package Check Results for Package credentials

Last updated on 2023-03-24 12:50:39 CET.

Flavor Version Tinstall Tcheck Ttotal Status Flags
r-devel-linux-x86_64-debian-clang 1.3.2 2.67 33.79 36.46 OK
r-devel-linux-x86_64-debian-gcc 1.3.2 2.14 23.90 26.04 ERROR
r-devel-linux-x86_64-fedora-clang 1.3.2 48.70 OK
r-devel-linux-x86_64-fedora-gcc 1.3.2 55.65 OK
r-devel-windows-x86_64 1.3.2 22.00 64.00 86.00 OK
r-patched-linux-x86_64 1.3.2 2.87 34.49 37.36 OK
r-release-linux-x86_64 1.3.2 2.79 35.29 38.08 OK
r-release-macos-arm64 1.3.2 18.00 OK
r-release-macos-x86_64 1.3.2 26.00 OK
r-release-windows-x86_64 1.3.2 37.00 70.00 107.00 OK
r-oldrel-macos-arm64 1.3.2 88.00 OK
r-oldrel-macos-x86_64 1.3.2 39.00 OK
r-oldrel-windows-ix86+x86_64 1.3.2 8.00 61.00 69.00 NOTE

Check Details

Version: 1.3.2
Check: re-building of vignette outputs
Result: ERROR
    Error(s) in re-building vignettes:
     ...
    --- re-building ‘intro.Rmd’ using rmarkdown
    git: 'credential---replace-all' is not a git command. See 'git --help'.
    git: 'credential---replace-all' is not a git command. See 'git --help'.
    git: 'credential---replace-all' is not a git command. See 'git --help'.
    git: 'credential---replace-all' is not a git command. See 'git --help'.
    git: 'credential---replace-all' is not a git command. See 'git --help'.
    git: 'credential---replace-all' is not a git command. See 'git --help'.
    git: 'credential---replace-all' is not a git command. See 'git --help'.
    git: 'credential---replace-all' is not a git command. See 'git --help'.
    git: 'credential---replace-all' is not a git command. See 'git --help'.
    git: 'credential---replace-all' is not a git command. See 'git --help'.
    git: 'credential---replace-all' is not a git command. See 'git --help'.
    git: 'credential---replace-all' is not a git command. See 'git --help'.
    git: 'credential---replace-all' is not a git command. See 'git --help'.
    git: 'credential---replace-all' is not a git command. See 'git --help'.
    git: 'credential---replace-all' is not a git command. See 'git --help'.
    git: 'credential---replace-all' is not a git command. See 'git --help'.
    git: 'credential---replace-all' is not a git command. See 'git --help'.
    git: 'credential---replace-all' is not a git command. See 'git --help'.
    git: 'credential---replace-all' is not a git command. See 'git --help'.
    git: 'credential---replace-all' is not a git command. See 'git --help'.
    git: 'credential---replace-all' is not a git command. See 'git --help'.
    git: 'credential---replace-all' is not a git command. See 'git --help'.
    git: 'credential---replace-all' is not a git command. See 'git --help'.
    git: 'credential---replace-all' is not a git command. See 'git --help'.
    git: 'credential---replace-all' is not a git command. See 'git --help'.
    git: 'credential---replace-all' is not a git command. See 'git --help'.
    git: 'credential---replace-all' is not a git command. See 'git --help'.
    git: 'credential---replace-all' is not a git command. See 'git --help'.
    git: 'credential---replace-all' is not a git command. See 'git --help'.
    git: 'credential---replace-all' is not a git command. See 'git --help'.
    git: 'credential---replace-all' is not a git command. See 'git --help'.
    git: 'credential---replace-all' is not a git command. See 'git --help'.
    git: 'credential---replace-all' is not a git command. See 'git --help'.
    git: 'credential---replace-all' is not a git command. See 'git --help'.
    git: 'credential---replace-all' is not a git command. See 'git --help'.
    git: 'credential---replace-all' is not a git command. See 'git --help'.
    git: 'credential---replace-all' is not a git command. See 'git --help'.
    git: 'credential---replace-all' is not a git command. See 'git --help'.
    git: 'credential---replace-all' is not a git command. See 'git --help'.
    git: 'credential---replace-all' is not a git command. See 'git --help'.
    git: 'credential---replace-all' is not a git command. See 'git --help'.
    git: 'credential---replace-all' is not a git command. See 'git --help'.
    git: 'credential---replace-all' is not a git command. See 'git --help'.
    git: 'credential---replace-all' is not a git command. See 'git --help'.
    git: 'credential---replace-all' is not a git command. See 'git --help'.
    git: 'credential---replace-all' is not a git command. See 'git --help'.
    git: 'credential---replace-all' is not a git command. See 'git --help'.
    git: 'credential---replace-all' is not a git command. See 'git --help'.
    git: 'credential---replace-all' is not a git command. See 'git --help'.
    git: 'credential---replace-all' is not a git command. See 'git --help'.
    git: 'credential---replace-all' is not a git command. See 'git --help'.
    git: 'credential---replace-all' is not a git command. See 'git --help'.
    git: 'credential---replace-all' is not a git command. See 'git --help'.
    git: 'credential---replace-all' is not a git command. See 'git --help'.
    git: 'credential---replace-all' is not a git command. See 'git --help'.
    git: 'credential---replace-all' is not a git command. See 'git --help'.
    git: 'credential---replace-all' is not a git command. See 'git --help'.
    git: 'credential---replace-all' is not a git command. See 'git --help'.
    git: 'credential---replace-all' is not a git command. See 'git --help'.
    git: 'credential---replace-all' is not a git command. See 'git --help'.
    git: 'credential---replace-all' is not a git command. See 'git --help'.
    git: 'credential---replace-all' is not a git command. See 'git --help'.
    git: 'credential---replace-all' is not a git command. See 'git --help'.
    git: 'credential---replace-all' is not a git command. See 'git --help'.
    git: 'credential---replace-all' is not a git command. See 'git --help'.
    git: 'credential---replace-all' is not a git command. See 'git --help'.
    git: 'credential---replace-all' is not a git command. See 'git --help'.
    git: 'credential---replace-all' is not a git command. See 'git --help'.
    git: 'credential---replace-all' is not a git command. See 'git --help'.
    git: 'credential---replace-all' is not a git command. See 'git --help'.
    git: 'credential---replace-all' is not a git command. See 'git --help'.
    git: 'credential---replace-all' is not a git command. See 'git --help'.
    git: 'credential---replace-all' is not a git command. See 'git --help'.
    git: 'credential---replace-all' is not a git command. See 'git --help'.
    git: 'credential---replace-all' is not a git command. See 'git --help'.
    git: 'credential---replace-all' is not a git command. See 'git --help'.
    git: 'credential---replace-all' is not a git command. See 'git --help'.
    git: 'credential---replace-all' is not a git command. See 'git --help'.
    git: 'credential---replace-all' is not a git command. See 'git --help'.
    git: 'credential---replace-all' is not a git command. See 'git --help'.
    git: 'credential---replace-all' is not a git command. See 'git --help'.
    git: 'credential---replace-all' is not a git command. See 'git --help'.
    git: 'credential---replace-all' is not a git command. See 'git --help'.
    git: 'credential---replace-all' is not a git command. See 'git --help'.
    git: 'credential---replace-all' is not a git command. See 'git --help'.
    git: 'credential---replace-all' is not a git command. See 'git --help'.
    git: 'credential---replace-all' is not a git command. See 'git --help'.
    git: 'credential---replace-all' is not a git command. See 'git --help'.
    git: 'credential---replace-all' is not a git command. See 'git --help'.
    git: 'credential---replace-all' is not a git command. See 'git --help'.
    git: 'credential---replace-all' is not a git command. See 'git --help'.
    git: 'credential---replace-all' is not a git command. See 'git --help'.
    git: 'credential---replace-all' is not a git command. See 'git --help'.
    git: 'credential---replace-all' is not a git command. See 'git --help'.
    git: 'credential---replace-all' is not a git command. See 'git --help'.
    git: 'credential---replace-all' is not a git command. See 'git --help'.
    git: 'credential---replace-all' is not a git command. See 'git --help'.
    git: 'credential---replace-all' is not a git command. See 'git --help'.
    git: 'credential---replace-all' is not a git command. See 'git --help'.
    git: 'credential---replace-all' is not a git command. See 'git --help'.
    git: 'credential---replace-all' is not a git command. See 'git --help'.
    git: 'credential---replace-all' is not a git command. See 'git --help'.
    git: 'credential---replace-all' is not a git command. See 'git --help'.
    git: 'credential---replace-all' is not a git command. See 'git --help'.
    git: 'credential---replace-all' is not a git command. See 'git --help'.
    git: 'credential---replace-all' is not a git command. See 'git --help'.
    git: 'credential---replace-all' is not a git command. See 'git --help'.
    git: 'credential---replace-all' is not a git command. See 'git --help'.
    git: 'credential---replace-all' is not a git command. See 'git --help'.
    git: 'credential---replace-all' is not a git command. See 'git --help'.
    git: 'credential---replace-all' is not a git command. See 'git --help'.
    git: 'credential---replace-all' is not a git command. See 'git --help'.
    git: 'credential---replace-all' is not a git command. See 'git --help'.
    git: 'credential---replace-all' is not a git command. See 'git --help'.
    git: 'credential---replace-all' is not a git command. See 'git --help'.
    git: 'credential---replace-all' is not a git command. See 'git --help'.
    git: 'credential---replace-all' is not a git command. See 'git --help'.
    git: 'credential---replace-all' is not a git command. See 'git --help'.
    git: 'credential---replace-all' is not a git command. See 'git --help'.
    git: 'credential---replace-all' is not a git command. See 'git --help'.
    git: 'credential---replace-all' is not a git command. See 'git --help'.
    git: 'credential---replace-all' is not a git command. See 'git --help'.
    git: 'credential---replace-all' is not a git command. See 'git --help'.
    git: 'credential---replace-all' is not a git command. See 'git --help'.
    git: 'credential---replace-all' is not a git command. See 'git --help'.
    git: 'credential---replace-all' is not a git command. See 'git --help'.
    git: 'credential---replace-all' is not a git command. See 'git --help'.
    git: 'credential---replace-all' is not a git command. See 'git --help'.
    git: 'credential---replace-all' is not a git command. See 'git --help'.
    git: 'credential---replace-all' is not a git command. See 'git --help'.
    git: 'credential---replace-all' is not a git command. See 'git --help'.
    git: 'credential---replace-all' is not a git command. See 'git --help'.
    git: 'credential---replace-all' is not a git command. See 'git --help'.
    git: 'credential---replace-all' is not a git command. See 'git --help'.
    git: 'credential---replace-all' is not a git command. See 'git --help'.
    git: 'credential---replace-all' is not a git command. See 'git --help'.
    git: 'credential---replace-all' is not a git command. See 'git --help'.
    git: 'credential---replace-all' is not a git command. See 'git --help'.
    git: 'credential---replace-all' is not a git command. See 'git --help'.
    git: 'credential---replace-all' is not a git command. See 'git --help'.
    git: 'credential---replace-all' is not a git command. See 'git --help'.
    git: 'credential---replace-all' is not a git command. See 'git --help'.
    git: 'credential---replace-all' is not a git command. See 'git --help'.
    git: 'credential---replace-all' is not a git command. See 'git --help'.
    git: 'credential---replace-all' is not a git command. See 'git --help'.
    git: 'credential---replace-all' is not a git command. See 'git --help'.
    git: 'credential---replace-all' is not a git command. See 'git --help'.
    git: 'credential---replace-all' is not a git command. See 'git --help'.
    git: 'credential---replace-all' is not a git command. See 'git --help'.
    git: 'credential---replace-all' is not a git command. See 'git --help'.
    git: 'credential---replace-all' is not a git command. See 'git --help'.
    git: 'credential---replace-all' is not a git command. See 'git --help'.
    git: 'credential---replace-all' is not a git command. See 'git --help'.
    git: 'credential---replace-all' is not a git command. See 'git --help'.
    git: 'credential---replace-all' is not a git command. See 'git --help'.
    git: 'credential---replace-all' is not a git command. See 'git --help'.
    git: 'credential---replace-all' is not a git command. See 'git --help'.
    git: 'credential---replace-all' is not a git command. See 'git --help'.
    git: 'credential---replace-all' is not a git command. See 'git --help'.
    git: 'credential---replace-all' is not a git command. See 'git --help'.
    git: 'credential---replace-all' is not a git command. See 'git --help'.
    git: 'credential---replace-all' is not a git command. See 'git --help'.
    git: 'credential---replace-all' is not a git command. See 'git --help'.
    git: 'credential---replace-all' is not a git command. See 'git --help'.
    git: 'credential---replace-all' is not a git command. See 'git --help'.
    git: 'credential---replace-all' is not a git command. See 'git --help'.
    git: 'credential---replace-all' is not a git command. See 'git --help'.
    git: 'credential---replace-all' is not a git command. See 'git --help'.
    git: 'credential---replace-all' is not a git command. See 'git --help'.
    git: 'credential---replace-all' is not a git command. See 'git --help'.
    git: 'credential---replace-all' is not a git command. See 'git --help'.
    git: 'credential---replace-all' is not a git command. See 'git --help'.
    git: 'credential---replace-all' is not a git command. See 'git --help'.
    git: 'credential---replace-all' is not a git command. See 'git --help'.
    git: 'credential---replace-all' is not a git command. See 'git --help'.
    git: 'credential---replace-all' is not a git command. See 'git --help'.
    git: 'credential---replace-all' is not a git command. See 'git --help'.
    git: 'credential---replace-all' is not a git command. See 'git --help'.
    git: 'credential---replace-all' is not a git command. See 'git --help'.
    git: 'credential---replace-all' is not a git command. See 'git --help'.
    git: 'credential---replace-all' is not a git command. See 'git --help'.
    git: 'credential---replace-all' is not a git command. See 'git --help'.
    git: 'credential---replace-all' is not a git command. See 'git --help'.
    git: 'credential---replace-all' is not a git command. See 'git --help'.
    git: 'credential---replace-all' is not a git command. See 'git --help'.
    git: 'credential---replace-all' is not a git command. See 'git --help'.
    git: 'credential---replace-all' is not a git command. See 'git --help'.
    git: 'credential---replace-all' is not a git command. See 'git --help'.
    git: 'credential---replace-all' is not a git command. See 'git --help'.
    git: 'credential---replace-all' is not a git command. See 'git --help'.
    git: 'credential---replace-all' is not a git command. See 'git --help'.
    git: 'credential---replace-all' is not a git command. See 'git --help'.
    git: 'credential---replace-all' is not a git command. See 'git --help'.
    git: 'credential---replace-all' is not a git command. See 'git --help'.
    git: 'credential---replace-all' is not a git command. See 'git --help'.
    git: 'credential---replace-all' is not a git command. See 'git --help'.
    git: 'credential---replace-all' is not a git command. See 'git --help'.
    git: 'credential---replace-all' is not a git command. See 'git --help'.
    git: 'credential---replace-all' is not a git command. See 'git --help'.
    git: 'credential---replace-all' is not a git command. See 'git --help'.
    git: 'credential---replace-all' is not a git command. See 'git --help'.
    git: 'credential---replace-all' is not a git command. See 'git --help'.
    git: 'credential---replace-all' is not a git command. See 'git --help'.
    git: 'credential---replace-all' is not a git command. See 'git --help'.
    git: 'credential---replace-all' is not a git command. See 'git --help'.
    git: 'credential---replace-all' is not a git command. See 'git --help'.
    git: 'credential---replace-all' is not a git command. See 'git --help'.
    git: 'credential---replace-all' is not a git command. See 'git --help'.
    git: 'credential---replace-all' is not a git command. See 'git --help'.
    git: 'credential---replace-all' is not a git command. See 'git --help'.
    git: 'credential---replace-all' is not a git command. See 'git --help'.
    git: 'credential---replace-all' is not a git command. See 'git --help'.
    git: 'credential---replace-all' is not a git command. See 'git --help'.
    git: 'credential---replace-all' is not a git command. See 'git --help'.
    git: 'credential---replace-all' is not a git command. See 'git --help'.
    git: 'credential---replace-all' is not a git command. See 'git --help'.
    git: 'credential---replace-all' is not a git command. See 'git --help'.
    git: 'credential---replace-all' is not a git command. See 'git --help'.
    git: 'credential---replace-all' is not a git command. See 'git --help'.
    git: 'credential---replace-all' is not a git command. See 'git --help'.
    git: 'credential---replace-all' is not a git command. See 'git --help'.
    git: 'credential---replace-all' is not a git command. See 'git --help'.
    git: 'credential---replace-all' is not a git command. See 'git --help'.
    git: 'credential---replace-all' is not a git command. See 'git --help'.
    git: 'credential---replace-all' is not a git command. See 'git --help'.
    git: 'credential---replace-all' is not a git command. See 'git --help'.
    git: 'credential---replace-all' is not a git command. See 'git --help'.
    git: 'credential---replace-all' is not a git command. See 'git --help'.
    git: 'credential---replace-all' is not a git command. See 'git --help'.
    git: 'credential---replace-all' is not a git command. See 'git --help'.
    git: 'credential---replace-all' is not a git command. See 'git --help'.
    git: 'credential---replace-all' is not a git command. See 'git --help'.
    git: 'credential---replace-all' is not a git command. See 'git --help'.
    git: 'credential---replace-all' is not a git command. See 'git --help'.
    git: 'credential---replace-all' is not a git command. See 'git --help'.
    git: 'credential---replace-all' is not a git command. See 'git --help'.
    git: 'credential---replace-all' is not a git command. See 'git --help'.
    git: 'credential---replace-all' is not a git command. See 'git --help'.
    git: 'credential---replace-all' is not a git command. See 'git --help'.
    git: 'credential---replace-all' is not a git command. See 'git --help'.
    git: 'credential---replace-all' is not a git command. See 'git --help'.
    git: 'credential---replace-all' is not a git command. See 'git --help'.
    git: 'credential---replace-all' is not a git command. See 'git --help'.
    git: 'credential---replace-all' is not a git command. See 'git --help'.Quitting from lines 79-84 (intro.Rmd)
    Error: processing vignette ‘intro.Rmd’ failed with diagnostics:
    Program 'git' terminated (timeout reached: 10.00sec)
    --- failed re-building ‘intro.Rmd’
    
    SUMMARY: processing the following file failed:
     ‘intro.Rmd’
    
    Error: Vignette re-building failed.
    Execution halted
Flavor: r-devel-linux-x86_64-debian-gcc

Version: 1.3.2
Check: dependencies in R code
Result: NOTE
    Initiating curl with CURL_SSL_BACKEND: openssl
Flavor: r-oldrel-windows-ix86+x86_64