CRAN Package Check Results for Package cqrReg

Last updated on 2022-10-04 07:49:44 CEST.

Flavor Version Tinstall Tcheck Ttotal Status Flags
r-devel-linux-x86_64-debian-clang 1.2.1 169.71 84.87 254.58 OK
r-devel-linux-x86_64-debian-gcc 1.2.1 133.83 65.42 199.25 OK
r-devel-linux-x86_64-fedora-clang 1.2.1 391.19 NOTE
r-devel-linux-x86_64-fedora-gcc 1.2.1 336.95 NOTE
r-devel-windows-x86_64 1.2.1 121.00 142.00 263.00 OK
r-patched-linux-x86_64 1.2.1 146.80 81.96 228.76 OK
r-release-linux-x86_64 1.2.1 134.26 80.27 214.53 OK
r-release-macos-arm64 1.2.1 80.00 NOTE
r-release-macos-x86_64 1.2.1 107.00 NOTE
r-release-windows-x86_64 1.2.1 135.00 133.00 268.00 OK
r-oldrel-macos-arm64 1.2.1 75.00 NOTE
r-oldrel-macos-x86_64 1.2.1 103.00 NOTE
r-oldrel-windows-ix86+x86_64 1.2.1 411.00 151.00 562.00 OK

Check Details

Version: 1.2.1
Check: compiled code
Result: NOTE
    File ‘cqrReg/libs/cqrReg.so’:
     Found no calls to: ‘R_registerRoutines’, ‘R_useDynamicSymbols’
    
    It is good practice to register native routines and to disable symbol
    search.
    
    See ‘Writing portable packages’ in the ‘Writing R Extensions’ manual.
Flavors: r-devel-linux-x86_64-fedora-clang, r-devel-linux-x86_64-fedora-gcc

Version: 1.2.1
Check: installed package size
Result: NOTE
     installed size is 7.4Mb
     sub-directories of 1Mb or more:
     libs 7.2Mb
Flavors: r-release-macos-arm64, r-release-macos-x86_64, r-oldrel-macos-arm64, r-oldrel-macos-x86_64