CRAN Package Check Results for Package cpss

Last updated on 2023-03-23 06:52:17 CET.

Flavor Version Tinstall Tcheck Ttotal Status Flags
r-devel-linux-x86_64-debian-clang 0.0.3 77.56 73.08 150.64 NOTE
r-devel-linux-x86_64-debian-gcc 0.0.3 62.29 55.16 117.45 NOTE
r-devel-linux-x86_64-fedora-clang 0.0.3 216.40 NOTE
r-devel-linux-x86_64-fedora-gcc 0.0.3 194.91 NOTE
r-devel-windows-x86_64 0.0.3 99.00 131.00 230.00 NOTE
r-patched-linux-x86_64 0.0.3 64.83 73.45 138.28 OK
r-release-linux-x86_64 0.0.3 67.08 71.03 138.11 OK
r-release-macos-arm64 0.0.3 47.00 OK
r-release-macos-x86_64 0.0.3 67.00 OK
r-release-windows-x86_64 0.0.3 91.00 128.00 219.00 OK
r-oldrel-macos-arm64 0.0.3 44.00 OK
r-oldrel-macos-x86_64 0.0.3 70.00 OK
r-oldrel-windows-ix86+x86_64 0.0.3 181.00 160.00 341.00 OK

Check Details

Version: 0.0.3
Check: C++ specification
Result: NOTE
     Specified C++11: please drop specification unless essential
Flavors: r-devel-linux-x86_64-debian-clang, r-devel-linux-x86_64-debian-gcc, r-devel-linux-x86_64-fedora-clang, r-devel-linux-x86_64-fedora-gcc, r-devel-windows-x86_64