CRAN Package Check Results for Package covidcast

Last updated on 2021-07-29 01:49:12 CEST.

Flavor Version Tinstall Tcheck Ttotal Status Flags
r-devel-linux-x86_64-debian-clang 0.4.2 OK
r-devel-linux-x86_64-debian-gcc 0.4.2 5.53 106.64 112.17 OK
r-devel-linux-x86_64-fedora-clang 0.4.2 180.11 NOTE
r-devel-linux-x86_64-fedora-gcc 0.4.2 171.84 NOTE
r-devel-windows-x86_64 0.4.2 10.00 233.00 243.00 OK
r-devel-windows-x86_64-gcc10-UCRT 0.4.2 NOTE
r-patched-linux-x86_64 0.4.2 7.00 133.35 140.35 OK
r-patched-solaris-x86 0.4.2 220.70 NOTE
r-release-linux-x86_64 0.4.2 5.18 135.06 140.24 OK
r-release-macos-arm64 0.4.2 WARN
r-release-macos-x86_64 0.4.2 NOTE
r-release-windows-ix86+x86_64 0.4.2 15.00 228.00 243.00 OK
r-oldrel-macos-x86_64 0.4.2 NOTE
r-oldrel-windows-ix86+x86_64 0.4.2 11.00 240.00 251.00 OK

Check Details

Version: 0.4.2
Check: data for non-ASCII characters
Result: NOTE
     Note: found 20 marked UTF-8 strings
Flavors: r-devel-linux-x86_64-fedora-clang, r-devel-linux-x86_64-fedora-gcc, r-devel-windows-x86_64-gcc10-UCRT, r-patched-solaris-x86, r-release-macos-arm64, r-release-macos-x86_64, r-oldrel-macos-x86_64

Version: 0.4.2
Check: installed package size
Result: NOTE
     installed size is 5.1Mb
     sub-directories of 1Mb or more:
     doc 3.9Mb
Flavor: r-patched-solaris-x86

Version: 0.4.2
Check: re-building of vignette outputs
Result: WARN
    Error(s) in re-building vignettes:
    --- re-building ‘correlation-utils.Rmd’ using rmarkdown
    Warning in engine$weave(file, quiet = quiet, encoding = enc) :
     Pandoc (>= 1.12.3) not available. Falling back to R Markdown v1.
    --- finished re-building ‘correlation-utils.Rmd’
    
    --- re-building ‘covidcast.Rmd’ using rmarkdown
    Warning in engine$weave(file, quiet = quiet, encoding = enc) :
     Pandoc (>= 1.12.3) not available. Falling back to R Markdown v1.
    We encourage COVIDcast API users to register on our mailing list:
    https://lists.andrew.cmu.edu/mailman/listinfo/delphi-covidcast-api
    We'll send announcements about new data sources, package updates,
    server maintenance, and new features.
    
    Attaching package: 'dplyr'
    
    The following objects are masked from 'package:stats':
    
     filter, lag
    
    The following objects are masked from 'package:base':
    
     intersect, setdiff, setequal, union
    
    Quitting from lines 88-90 (covidcast.Rmd)
    Error: processing vignette 'covidcast.Rmd' failed with diagnostics:
    polygon edge not found
    --- failed re-building ‘covidcast.Rmd’
    
    --- re-building ‘external-data.Rmd’ using rmarkdown
    Warning in engine$weave(file, quiet = quiet, encoding = enc) :
     Pandoc (>= 1.12.3) not available. Falling back to R Markdown v1.
    
    Attaching package: 'dplyr'
    
    The following objects are masked from 'package:stats':
    
     filter, lag
    
    The following objects are masked from 'package:base':
    
     intersect, setdiff, setequal, union
    
    We encourage COVIDcast API users to register on our mailing list:
    https://lists.andrew.cmu.edu/mailman/listinfo/delphi-covidcast-api
    We'll send announcements about new data sources, package updates,
    server maintenance, and new features.
    Quitting from lines 83-84 (external-data.Rmd)
    Error: processing vignette 'external-data.Rmd' failed with diagnostics:
    polygon edge not found
    --- failed re-building ‘external-data.Rmd’
    
    --- re-building ‘multi-signals.Rmd’ using rmarkdown
    Warning in engine$weave(file, quiet = quiet, encoding = enc) :
     Pandoc (>= 1.12.3) not available. Falling back to R Markdown v1.
    We encourage COVIDcast API users to register on our mailing list:
    https://lists.andrew.cmu.edu/mailman/listinfo/delphi-covidcast-api
    We'll send announcements about new data sources, package updates,
    server maintenance, and new features.
    
    Attaching package: 'dplyr'
    
    The following objects are masked from 'package:stats':
    
     filter, lag
    
    The following objects are masked from 'package:base':
    
     intersect, setdiff, setequal, union
    
    --- finished re-building ‘multi-signals.Rmd’
    
    --- re-building ‘plotting-signals.Rmd’ using rmarkdown
    Warning in engine$weave(file, quiet = quiet, encoding = enc) :
     Pandoc (>= 1.12.3) not available. Falling back to R Markdown v1.
    We encourage COVIDcast API users to register on our mailing list:
    https://lists.andrew.cmu.edu/mailman/listinfo/delphi-covidcast-api
    We'll send announcements about new data sources, package updates,
    server maintenance, and new features.
    Quitting from lines 53-54 (plotting-signals.Rmd)
    Error: processing vignette 'plotting-signals.Rmd' failed with diagnostics:
    polygon edge not found
    --- failed re-building ‘plotting-signals.Rmd’
    
    SUMMARY: processing the following files failed:
     ‘covidcast.Rmd’ ‘external-data.Rmd’ ‘plotting-signals.Rmd’
    
    Error: Vignette re-building failed.
    Execution halted
Flavor: r-release-macos-arm64