CRAN Package Check Results for Package covfefe

Last updated on 2024-06-24 21:56:44 CEST.

Flavor Version Tinstall Tcheck Ttotal Status Flags
r-devel-linux-x86_64-debian-clang 0.1.0 1.73 29.48 31.21 NOTE
r-devel-linux-x86_64-debian-gcc 0.1.0 2.20 23.32 25.52 NOTE
r-devel-linux-x86_64-fedora-clang 0.1.0 41.45 NOTE
r-devel-linux-x86_64-fedora-gcc 0.1.0 40.70 NOTE
r-devel-windows-x86_64 0.1.0 3.00 43.00 46.00 OK
r-patched-linux-x86_64 0.1.0 2.41 29.29 31.70 NOTE
r-release-linux-x86_64 0.1.0 2.63 28.88 31.51 NOTE
r-release-macos-arm64 0.1.0 18.00 OK
r-release-macos-x86_64 0.1.0 27.00 OK
r-release-windows-x86_64 0.1.0 3.00 44.00 47.00 OK
r-oldrel-macos-arm64 0.1.0 18.00 OK
r-oldrel-macos-x86_64 0.1.0 24.00 OK
r-oldrel-windows-x86_64 0.1.0 4.00 48.00 52.00 OK

Check Details

Version: 0.1.0
Check: for non-standard things in the check directory
Result: NOTE Found the following files/directories: ‘covfefe_inauguration.txt’ Flavors: r-devel-linux-x86_64-debian-clang, r-devel-linux-x86_64-debian-gcc, r-devel-linux-x86_64-fedora-clang, r-devel-linux-x86_64-fedora-gcc, r-patched-linux-x86_64, r-release-linux-x86_64