CRAN Package Check Results for Package coveffectsplot

Last updated on 2021-06-23 07:50:13 CEST.

Flavor Version Tinstall Tcheck Ttotal Status Flags
r-devel-linux-x86_64-debian-clang 0.0.9.1 3.41 228.79 232.20 OK
r-devel-linux-x86_64-debian-gcc 0.0.9.1 2.70 159.60 162.30 OK
r-devel-linux-x86_64-fedora-clang 0.0.9.1 276.80 NOTE
r-devel-linux-x86_64-fedora-gcc 0.0.9.1 268.68 NOTE
r-devel-windows-x86_64 0.0.9.1 6.00 245.00 251.00 OK
r-devel-windows-x86_64-gcc10-UCRT 0.0.9.1 NOTE
r-patched-linux-x86_64 0.0.9.1 3.86 203.13 206.99 OK
r-patched-solaris-x86 0.0.9.1 346.80 NOTE
r-release-linux-x86_64 0.0.9.1 2.26 203.72 205.98 OK
r-release-macos-arm64 0.0.9.1 NOTE
r-release-macos-x86_64 0.0.9.1 NOTE
r-release-windows-ix86+x86_64 0.0.9.1 6.00 203.00 209.00 OK
r-oldrel-macos-x86_64 0.0.9.1 NOTE

Check Details

Version: 0.0.9.1
Check: dependencies in R code
Result: NOTE
    Namespaces in Imports field not imported from:
     ‘colourpicker’ ‘dplyr’ ‘markdown’ ‘shinyjs’ ‘table1’ ‘tidyr’
     All declared Imports should be used.
Flavors: r-devel-linux-x86_64-fedora-clang, r-devel-linux-x86_64-fedora-gcc, r-devel-windows-x86_64-gcc10-UCRT, r-patched-solaris-x86, r-release-macos-arm64, r-release-macos-x86_64, r-oldrel-macos-x86_64

Version: 0.0.9.1
Check: package dependencies
Result: NOTE
    Package suggested but not available for checking: 'plotly'
Flavor: r-devel-windows-x86_64-gcc10-UCRT