CRAN Package Check Results for Package counterfactuals

Last updated on 2024-02-23 00:59:26 CET.

Flavor Version Tinstall Tcheck Ttotal Status Flags
r-devel-linux-x86_64-debian-clang 0.1.2 OK
r-devel-linux-x86_64-debian-gcc 0.1.2 19.17 75.04 94.21 OK
r-devel-linux-x86_64-fedora-clang 0.1.2 163.36 OK
r-devel-linux-x86_64-fedora-gcc 0.1.2 170.61 OK
r-devel-windows-x86_64 0.1.2 19.00 96.00 115.00 OK
r-patched-linux-x86_64 0.1.2 20.02 97.56 117.58 OK
r-release-linux-x86_64 0.1.2 17.29 97.20 114.49 OK
r-release-macos-arm64 0.1.2 51.00 OK
r-release-macos-x86_64 0.1.2 83.00 NOTE
r-release-windows-x86_64 0.1.2 27.00 110.00 137.00 OK
r-oldrel-macos-arm64 0.1.2 36.00 OK
r-oldrel-windows-x86_64 0.1.2 27.00 112.00 139.00 OK

Check Details

Version: 0.1.2
Check: package dependencies
Result: NOTE Package suggested but not available for checking: ‘tidymodels’ Flavor: r-release-macos-x86_64