CRAN Package Check Results for Package corx

Last updated on 2021-09-18 13:53:32 CEST.

Flavor Version Tinstall Tcheck Ttotal Status Flags
r-devel-linux-x86_64-debian-clang 1.0.6.1 2.92 37.06 39.98 NOTE
r-devel-linux-x86_64-debian-gcc 1.0.6.1 2.30 27.53 29.83 NOTE
r-devel-linux-x86_64-fedora-clang 1.0.6.1 56.73 NOTE
r-devel-linux-x86_64-fedora-gcc 1.0.6.1 45.33 NOTE
r-devel-windows-x86_64 1.0.6.1 4.00 57.00 61.00 NOTE
r-devel-windows-x86_64-gcc10-UCRT 1.0.6.1 NOTE
r-patched-linux-x86_64 1.0.6.1 2.98 35.11 38.09 NOTE
r-patched-solaris-x86 1.0.6.1 67.60 NOTE
r-release-linux-x86_64 1.0.6.1 2.91 34.56 37.47 NOTE
r-release-macos-arm64 1.0.6.1 NOTE
r-release-macos-x86_64 1.0.6.1 NOTE
r-release-windows-ix86+x86_64 1.0.6.1 8.00 47.00 55.00 NOTE
r-oldrel-macos-x86_64 1.0.6.1 OK
r-oldrel-windows-ix86+x86_64 1.0.6.1 8.00 42.00 50.00 OK

Check Details

Version: 1.0.6.1
Check: LazyData
Result: NOTE
     'LazyData' is specified without a 'data' directory
Flavors: r-devel-linux-x86_64-debian-clang, r-devel-linux-x86_64-debian-gcc, r-devel-linux-x86_64-fedora-clang, r-devel-linux-x86_64-fedora-gcc, r-devel-windows-x86_64, r-devel-windows-x86_64-gcc10-UCRT, r-patched-linux-x86_64, r-patched-solaris-x86, r-release-linux-x86_64, r-release-macos-arm64, r-release-macos-x86_64, r-release-windows-ix86+x86_64