CRAN Package Check Results for Package correlbinom

Last updated on 2024-03-01 06:52:38 CET.

Flavor Version Tinstall Tcheck Ttotal Status Flags
r-devel-linux-x86_64-debian-clang 0.0.1 4.07 43.69 47.76 NOTE
r-devel-linux-x86_64-debian-gcc 0.0.1 2.96 32.30 35.26 NOTE
r-devel-linux-x86_64-fedora-clang 0.0.1 60.88 NOTE
r-devel-linux-x86_64-fedora-gcc 0.0.1 55.39 NOTE
r-devel-windows-x86_64 0.0.1 4.00 55.00 59.00 NOTE
r-patched-linux-x86_64 0.0.1 4.30 42.38 46.68 NOTE
r-release-linux-x86_64 0.0.1 4.79 43.06 47.85 NOTE
r-release-macos-arm64 0.0.1 22.00 NOTE
r-release-macos-x86_64 0.0.1 33.00 NOTE
r-release-windows-x86_64 0.0.1 6.00 56.00 62.00 NOTE
r-oldrel-macos-arm64 0.0.1 21.00 NOTE
r-oldrel-windows-x86_64 0.0.1 6.00 63.00 69.00 NOTE

Check Details

Version: 0.0.1
Check: LazyData
Result: NOTE 'LazyData' is specified without a 'data' directory Flavors: r-devel-linux-x86_64-debian-clang, r-devel-linux-x86_64-debian-gcc, r-devel-linux-x86_64-fedora-clang, r-devel-linux-x86_64-fedora-gcc, r-devel-windows-x86_64, r-patched-linux-x86_64, r-release-linux-x86_64, r-release-macos-arm64, r-release-macos-x86_64, r-release-windows-x86_64, r-oldrel-macos-arm64, r-oldrel-windows-x86_64