CRAN Package Check Results for Package copulaData

Last updated on 2021-09-20 01:48:32 CEST.

Flavor Version Tinstall Tcheck Ttotal Status Flags
r-devel-linux-x86_64-debian-clang 0.0-1 1.22 15.11 16.33 OK
r-devel-linux-x86_64-debian-gcc 0.0-1 1.12 11.89 13.01 OK
r-devel-linux-x86_64-fedora-clang 0.0-1 29.23 OK
r-devel-linux-x86_64-fedora-gcc 0.0-1 19.45 OK
r-devel-windows-x86_64 0.0-1 3.00 21.00 24.00 OK
r-devel-windows-x86_64-gcc10-UCRT 0.0-1 ERROR
r-patched-linux-x86_64 0.0-1 1.05 14.67 15.72 OK
r-patched-solaris-x86 0.0-1 31.70 OK
r-release-linux-x86_64 0.0-1 1.35 14.63 15.98 OK
r-release-macos-arm64 0.0-1 OK
r-release-macos-x86_64 0.0-1 OK
r-release-windows-ix86+x86_64 0.0-1 4.00 20.00 24.00 OK
r-oldrel-macos-x86_64 0.0-1 OK
r-oldrel-windows-ix86+x86_64 0.0-1 4.00 20.00 24.00 OK

Check Details

Version: 0.0-1
Check: whether package can be installed
Result: WARN
    Found the following significant warnings:
     WARNING: installation-time patches will not be applied, could not get the patches index
Flavor: r-devel-windows-x86_64-gcc10-UCRT

Version: 0.0-1
Check: PDF version of manual
Result: WARN
    LaTeX errors when creating PDF version.
    This typically indicates Rd problems.
Flavor: r-devel-windows-x86_64-gcc10-UCRT

Version: 0.0-1
Check: PDF version of manual without hyperrefs or index
Result: ERROR
    Re-running with no redirection of stdout/stderr.
Flavor: r-devel-windows-x86_64-gcc10-UCRT