CRAN Package Check Results for Package convertr

Last updated on 2024-06-18 12:55:50 CEST.

Flavor Version Tinstall Tcheck Ttotal Status Flags
r-devel-linux-x86_64-debian-clang 0.1 2.66 24.63 27.29 NOTE
r-devel-linux-x86_64-debian-gcc 0.1 1.93 19.26 21.19 NOTE
r-devel-linux-x86_64-fedora-clang 0.1 34.89 NOTE
r-devel-linux-x86_64-fedora-gcc 0.1 34.96 NOTE
r-devel-windows-x86_64 0.1 4.00 42.00 46.00 NOTE
r-patched-linux-x86_64 0.1 2.51 24.05 26.56 NOTE
r-release-linux-x86_64 0.1 2.11 24.66 26.77 NOTE
r-release-macos-arm64 0.1 16.00 NOTE
r-release-macos-x86_64 0.1 26.00 NOTE
r-release-windows-x86_64 0.1 4.00 42.00 46.00 NOTE
r-oldrel-macos-arm64 0.1 20.00 NOTE
r-oldrel-macos-x86_64 0.1 23.00 NOTE
r-oldrel-windows-x86_64 0.1 4.00 43.00 47.00 NOTE

Check Details

Version: 0.1
Check: LazyData
Result: NOTE 'LazyData' is specified without a 'data' directory Flavors: r-devel-linux-x86_64-debian-clang, r-devel-linux-x86_64-debian-gcc, r-devel-linux-x86_64-fedora-clang, r-devel-linux-x86_64-fedora-gcc, r-devel-windows-x86_64, r-patched-linux-x86_64, r-release-linux-x86_64, r-release-macos-arm64, r-release-macos-x86_64, r-release-windows-x86_64, r-oldrel-macos-arm64, r-oldrel-macos-x86_64, r-oldrel-windows-x86_64