CRAN Package Check Results for Package consort

Last updated on 2021-11-26 19:52:46 CET.

Flavor Version Tinstall Tcheck Ttotal Status Flags
r-devel-linux-x86_64-debian-clang 1.0.0 3.30 74.96 78.26 OK
r-devel-linux-x86_64-debian-gcc 1.0.0 2.30 56.55 58.85 OK
r-devel-linux-x86_64-fedora-clang 1.0.0 101.17 OK
r-devel-linux-x86_64-fedora-gcc 1.0.0 93.45 OK
r-devel-windows-x86_64-new-UL 1.0.0 11.00 83.00 94.00 OK
r-devel-windows-x86_64-new-TK 1.0.0 OK
r-devel-windows-x86_64-old 1.0.0 5.00 58.00 63.00 OK
r-patched-linux-x86_64 1.0.0 3.09 72.63 75.72 OK
r-patched-solaris-x86 1.0.0 106.90 OK
r-release-linux-x86_64 1.0.0 OK
r-release-macos-arm64 1.0.0 OK
r-release-macos-x86_64 1.0.0 OK
r-release-windows-ix86+x86_64 1.0.0 6.00 45.00 51.00 OK
r-oldrel-macos-x86_64 1.0.0 WARN
r-oldrel-windows-ix86+x86_64 1.0.0 6.00 42.00 48.00 WARN

Check Details

Version: 1.0.0
Check: for unstated dependencies in vignettes
Result: NOTE
    Warning: parse error in file '/Volumes/Builds/packages/high-sierra-x86_64/results/4.0/consort.Rcheck/consort/doc/consrot_diagram.R':
    139:27: unexpected '>'
    138: # supports pipeline operator
    139: g <- add_box(txt = txt1) |>
     ^
Flavor: r-oldrel-macos-x86_64

Version: 1.0.0
Check: re-building of vignette outputs
Result: WARN
    Error(s) in re-building vignettes:
     ...
    --- re-building ‘consrot_diagram.Rmd’ using rmarkdown
    Pandoc is required to build R Markdown vignettes but not available. Please make sure it is installed.
    Quitting from lines 216-235 (consrot_diagram.Rmd)
    Error: processing vignette 'consrot_diagram.Rmd' failed with diagnostics:
    <text>:9:27: unexpected '>'
    8: # supports pipeline operator
    9: g <- add_box(txt = txt1) |>
     ^
    --- failed re-building ‘consrot_diagram.Rmd’
    
    SUMMARY: processing the following file failed:
     ‘consrot_diagram.Rmd’
    
    Error: Vignette re-building failed.
    Execution halted
Flavor: r-oldrel-macos-x86_64

Version: 1.0.0
Check: for unstated dependencies in vignettes
Result: NOTE
    Warning: parse error in file 'd:/RCompile/CRANpkg/lib/4.0/consort/doc/consrot_diagram.R':
    /RCompile/CRANpkg/lib/4.0/consort/doc/consrot_diagram.R:139:27: unexpected '>'
    138: # supports pipeline operator
    139: g <- add_box(txt = txt1) |>
     ^
Flavor: r-oldrel-windows-ix86+x86_64

Version: 1.0.0
Check: re-building of vignette outputs
Result: WARN
    Error(s) in re-building vignettes:
    --- re-building 'consrot_diagram.Rmd' using rmarkdown
    Quitting from lines 216-235 (consrot_diagram.Rmd)
    Error: processing vignette 'consrot_diagram.Rmd' failed with diagnostics:
    <text>:9:27: unexpected '>'
    8: # supports pipeline operator
    9: g <- add_box(txt = txt1) |>
     ^
    --- failed re-building 'consrot_diagram.Rmd'
    
    SUMMARY: processing the following file failed:
     'consrot_diagram.Rmd'
    
    Error: Vignette re-building failed.
    Execution halted
Flavor: r-oldrel-windows-ix86+x86_64