CRAN Package Check Results for Package conquestr

Last updated on 2022-10-05 21:53:30 CEST.

Flavor Version Tinstall Tcheck Ttotal Status Flags
r-devel-linux-x86_64-debian-clang 0.9.96 29.51 142.43 171.94 NOTE
r-devel-linux-x86_64-debian-gcc 0.9.96 21.64 101.11 122.75 NOTE
r-devel-linux-x86_64-fedora-clang 0.9.96 229.74 NOTE
r-devel-linux-x86_64-fedora-gcc 0.9.96 208.50 NOTE
r-devel-windows-x86_64 0.9.96 117.00 221.00 338.00 NOTE
r-patched-linux-x86_64 0.9.96 23.89 125.57 149.46 OK
r-release-linux-x86_64 0.9.96 25.52 126.09 151.61 OK
r-release-macos-arm64 0.9.96 54.00 OK
r-release-macos-x86_64 0.9.96 119.00 OK
r-release-windows-x86_64 0.9.96 94.00 194.00 288.00 OK
r-oldrel-macos-arm64 0.9.96 59.00 OK
r-oldrel-macos-x86_64 0.9.96 80.00 OK
r-oldrel-windows-ix86+x86_64 0.9.96 68.00 235.00 303.00 OK

Check Details

Version: 0.9.96
Check: Rd files
Result: NOTE
    checkRd: (-1) plotMCC.Rd:19: Escaped LaTeX specials: \_
Flavors: r-devel-linux-x86_64-debian-clang, r-devel-linux-x86_64-debian-gcc, r-devel-linux-x86_64-fedora-clang, r-devel-linux-x86_64-fedora-gcc, r-devel-windows-x86_64