Last updated on 2023-06-09 00:54:18 CEST.
Flavor | Version | Tinstall | Tcheck | Ttotal | Status | Flags |
---|---|---|---|---|---|---|
r-devel-linux-x86_64-debian-clang | 1.5.0 | 231.46 | 289.25 | 520.71 | NOTE | |
r-devel-linux-x86_64-debian-gcc | 1.5.0 | 181.85 | 191.65 | 373.50 | NOTE | |
r-devel-windows-x86_64 | 1.5.0 | 172.00 | 220.00 | 392.00 | NOTE | |
r-patched-linux-x86_64 | 1.5.0 | 145.04 | 241.39 | 386.43 | NOTE | |
r-release-linux-x86_64 | 1.5.0 | 147.14 | 244.16 | 391.30 | NOTE | |
r-release-macos-arm64 | 1.5.0 | 171.00 | NOTE | |||
r-release-macos-x86_64 | 1.5.0 | 282.00 | NOTE | |||
r-release-windows-x86_64 | 1.5.0 | 234.00 | 271.00 | 505.00 | NOTE | |
r-oldrel-macos-arm64 | 1.5.0 | 170.00 | NOTE | |||
r-oldrel-macos-x86_64 | 1.5.0 | 201.00 | NOTE | |||
r-oldrel-windows-x86_64 | 1.5.0 | 223.00 | 259.00 | 482.00 | NOTE |
Version: 1.5.0
Check: package dependencies
Result: NOTE
Packages suggested but not available for checking: 'conosPanel', 'p2data'
Flavors: r-devel-linux-x86_64-debian-clang, r-devel-linux-x86_64-debian-gcc, r-devel-windows-x86_64, r-patched-linux-x86_64, r-release-linux-x86_64, r-release-windows-x86_64, r-oldrel-macos-arm64, r-oldrel-macos-x86_64, r-oldrel-windows-x86_64
Version: 1.5.0
Check: C++ specification
Result: NOTE
Specified C++11: please drop specification unless essential
Flavors: r-devel-linux-x86_64-debian-clang, r-devel-linux-x86_64-debian-gcc, r-devel-windows-x86_64, r-patched-linux-x86_64, r-release-linux-x86_64, r-release-macos-arm64, r-release-macos-x86_64, r-release-windows-x86_64
Version: 1.5.0
Check: package dependencies
Result: NOTE
Packages suggested but not available for checking:
'conosPanel', 'org.Mm.eg.db', 'p2data', 'rhdf5'
Flavors: r-release-macos-arm64, r-release-macos-x86_64
Version: 1.5.0
Check: installed package size
Result: NOTE
installed size is 11.9Mb
sub-directories of 1Mb or more:
libs 10.1Mb
Flavors: r-release-macos-arm64, r-release-macos-x86_64, r-oldrel-macos-arm64, r-oldrel-macos-x86_64