CRAN Package Check Results for Package conogive

Last updated on 2024-02-21 06:53:06 CET.

Flavor Version Tinstall Tcheck Ttotal Status Flags
r-devel-linux-x86_64-debian-clang 1.0.0 NOTE
r-devel-linux-x86_64-debian-gcc 1.0.0 1.94 23.98 25.92 NOTE
r-devel-linux-x86_64-fedora-clang 1.0.0 42.67 NOTE
r-devel-linux-x86_64-fedora-gcc 1.0.0 40.28 NOTE
r-devel-windows-x86_64 1.0.0 3.00 45.00 48.00 NOTE
r-patched-linux-x86_64 1.0.0 2.48 31.29 33.77 NOTE
r-release-linux-x86_64 1.0.0 1.80 30.11 31.91 NOTE
r-release-macos-arm64 1.0.0 19.00 NOTE
r-release-macos-x86_64 1.0.0 23.00 NOTE
r-release-windows-x86_64 1.0.0 4.00 46.00 50.00 NOTE
r-oldrel-macos-arm64 1.0.0 23.00 NOTE
r-oldrel-windows-x86_64 1.0.0 4.00 46.00 50.00 NOTE

Check Details

Version: 1.0.0
Check: LazyData
Result: NOTE 'LazyData' is specified without a 'data' directory Flavors: r-devel-linux-x86_64-debian-clang, r-devel-linux-x86_64-debian-gcc, r-devel-linux-x86_64-fedora-clang, r-devel-linux-x86_64-fedora-gcc, r-devel-windows-x86_64, r-patched-linux-x86_64, r-release-linux-x86_64, r-release-macos-arm64, r-release-macos-x86_64, r-release-windows-x86_64, r-oldrel-macos-arm64, r-oldrel-windows-x86_64