CRAN Package Check Results for Package conmet

Last updated on 2021-11-26 19:52:46 CET.

Flavor Version Tinstall Tcheck Ttotal Status Flags
r-devel-linux-x86_64-debian-clang 0.1.0 3.57 31.78 35.35 OK
r-devel-linux-x86_64-debian-gcc 0.1.0 2.85 25.33 28.18 OK
r-devel-linux-x86_64-fedora-clang 0.1.0 54.11 NOTE
r-devel-linux-x86_64-fedora-gcc 0.1.0 43.49 NOTE
r-devel-windows-x86_64-new-UL 0.1.0 11.00 78.00 89.00 OK
r-devel-windows-x86_64-new-TK 0.1.0 NOTE
r-devel-windows-x86_64-old 0.1.0 6.00 59.00 65.00 OK
r-patched-linux-x86_64 0.1.0 1.90 31.13 33.03 OK
r-patched-solaris-x86 0.1.0 70.40 NOTE
r-release-linux-x86_64 0.1.0 OK
r-release-macos-arm64 0.1.0 NOTE
r-release-macos-x86_64 0.1.0 NOTE
r-release-windows-ix86+x86_64 0.1.0 11.00 43.00 54.00 OK
r-oldrel-macos-x86_64 0.1.0 NOTE
r-oldrel-windows-ix86+x86_64 0.1.0 13.00 53.00 66.00 OK

Check Details

Version: 0.1.0
Check: dependencies in R code
Result: NOTE
    Namespaces in Imports field not imported from:
     ‘DT’ ‘Hmisc’ ‘dplyr’ ‘foreign’ ‘lavaan’ ‘openxlsx’ ‘purrr’ ‘semTools’
     ‘shinyWidgets’ ‘stringr’ ‘summarytools’ ‘waiter’
     All declared Imports should be used.
Flavors: r-devel-linux-x86_64-fedora-clang, r-devel-linux-x86_64-fedora-gcc, r-devel-windows-x86_64-new-TK, r-patched-solaris-x86, r-release-macos-arm64, r-release-macos-x86_64, r-oldrel-macos-x86_64