Last updated on 2022-05-20 06:50:53 CEST.
Flavor | Version | Tinstall | Tcheck | Ttotal | Status | Flags |
---|---|---|---|---|---|---|
r-devel-linux-x86_64-debian-clang | 1.7.0 | 13.73 | 156.08 | 169.81 | NOTE | |
r-devel-linux-x86_64-debian-gcc | 1.7.0 | 12.46 | 115.54 | 128.00 | NOTE | |
r-devel-linux-x86_64-fedora-clang | 1.7.0 | 202.13 | NOTE | |||
r-devel-linux-x86_64-fedora-gcc | 1.7.0 | 201.01 | NOTE | |||
r-devel-windows-x86_64 | 1.7.0 | 20.00 | 178.00 | 198.00 | NOTE | |
r-patched-linux-x86_64 | 1.7.0 | 14.46 | 147.82 | 162.28 | NOTE | |
r-release-linux-x86_64 | 1.7.0 | 16.86 | 151.15 | 168.01 | NOTE | |
r-release-macos-arm64 | 1.7.0 | 55.00 | NOTE | |||
r-release-macos-x86_64 | 1.7.0 | 86.00 | NOTE | |||
r-release-windows-x86_64 | 1.7.0 | 24.00 | 183.00 | 207.00 | NOTE | |
r-oldrel-macos-arm64 | 1.7.0 | 67.00 | NOTE | |||
r-oldrel-macos-x86_64 | 1.7.0 | 85.00 | NOTE | |||
r-oldrel-windows-ix86+x86_64 | 1.7.0 | 31.00 | 177.00 | 208.00 | NOTE |
Version: 1.7.0
Check: LazyData
Result: NOTE
'LazyData' is specified without a 'data' directory
Flavors: r-devel-linux-x86_64-debian-clang, r-devel-linux-x86_64-debian-gcc, r-devel-linux-x86_64-fedora-clang, r-devel-linux-x86_64-fedora-gcc, r-devel-windows-x86_64, r-patched-linux-x86_64, r-release-linux-x86_64, r-release-macos-arm64, r-release-macos-x86_64, r-release-windows-x86_64, r-oldrel-macos-arm64, r-oldrel-macos-x86_64, r-oldrel-windows-ix86+x86_64