CRAN Package Check Results for Package concatenate

Last updated on 2022-12-04 00:51:26 CET.

Flavor Version Tinstall Tcheck Ttotal Status Flags
r-devel-linux-x86_64-debian-clang 1.0.0 1.92 26.39 28.31 NOTE
r-devel-linux-x86_64-debian-gcc 1.0.0 1.86 20.53 22.39 NOTE
r-devel-linux-x86_64-fedora-clang 1.0.0 48.82 NOTE
r-devel-linux-x86_64-fedora-gcc 1.0.0 50.85 NOTE
r-devel-windows-x86_64 1.0.0 24.00 53.00 77.00 NOTE
r-patched-linux-x86_64 1.0.0 1.84 25.17 27.01 NOTE
r-release-linux-x86_64 1.0.0 1.83 24.65 26.48 NOTE
r-release-macos-arm64 1.0.0 15.00 NOTE
r-release-macos-x86_64 1.0.0 24.00 NOTE
r-release-windows-x86_64 1.0.0 17.00 55.00 72.00 NOTE
r-oldrel-macos-arm64 1.0.0 27.00 NOTE
r-oldrel-macos-x86_64 1.0.0 28.00 NOTE
r-oldrel-windows-ix86+x86_64 1.0.0 5.00 48.00 53.00 NOTE

Check Details

Version: 1.0.0
Check: LazyData
Result: NOTE
     'LazyData' is specified without a 'data' directory
Flavors: r-devel-linux-x86_64-debian-clang, r-devel-linux-x86_64-debian-gcc, r-devel-linux-x86_64-fedora-clang, r-devel-linux-x86_64-fedora-gcc, r-devel-windows-x86_64, r-patched-linux-x86_64, r-release-linux-x86_64, r-release-macos-arm64, r-release-macos-x86_64, r-release-windows-x86_64, r-oldrel-macos-arm64, r-oldrel-macos-x86_64, r-oldrel-windows-ix86+x86_64