CRAN Package Check Results for Package comtradr

Last updated on 2021-08-02 19:50:40 CEST.

Flavor Version Tinstall Tcheck Ttotal Status Flags
r-devel-linux-x86_64-debian-clang 0.2.2 2.73 34.59 37.32 OK
r-devel-linux-x86_64-debian-gcc 0.2.2 2.15 26.84 28.99 OK
r-devel-linux-x86_64-fedora-clang 0.2.2 53.24 OK
r-devel-linux-x86_64-fedora-gcc 0.2.2 43.66 OK
r-devel-windows-x86_64 0.2.2 5.00 70.00 75.00 OK
r-devel-windows-x86_64-gcc10-UCRT 0.2.2 OK
r-patched-linux-x86_64 0.2.2 OK
r-patched-solaris-x86 0.2.2 62.00 OK
r-release-linux-x86_64 0.2.2 2.78 33.19 35.97 OK
r-release-macos-arm64 0.2.2 WARN
r-release-macos-x86_64 0.2.2 OK
r-release-windows-ix86+x86_64 0.2.2 6.00 69.00 75.00 OK
r-oldrel-macos-x86_64 0.2.2 OK
r-oldrel-windows-ix86+x86_64 0.2.2 4.00 68.00 72.00 OK

Check Details

Version: 0.2.2
Check: re-building of vignette outputs
Result: WARN
    Error(s) in re-building vignettes:
    --- re-building ‘comtradr-vignette.Rmd’ using rmarkdown
    Warning in engine$weave(file, quiet = quiet, encoding = enc) :
     Pandoc (>= 1.12.3) not available. Falling back to R Markdown v1.
    Warning in grid.Call(C_stringMetric, as.graphicsAnnot(x$label)) :
     no font could be found for family "Arial"
    Warning in grid.Call(C_stringMetric, as.graphicsAnnot(x$label)) :
     no font could be found for family "Arial"
    Warning in grid.Call(C_stringMetric, as.graphicsAnnot(x$label)) :
     no font could be found for family "Arial"
    Warning in grid.Call(C_stringMetric, as.graphicsAnnot(x$label)) :
     no font could be found for family "Arial"
    Warning in grid.Call(C_stringMetric, as.graphicsAnnot(x$label)) :
     no font could be found for family "Arial"
    Warning in grid.Call(C_stringMetric, as.graphicsAnnot(x$label)) :
     no font could be found for family "Arial"
    Warning in grid.Call(C_stringMetric, as.graphicsAnnot(x$label)) :
     no font could be found for family "Arial"
    Warning in grid.Call(C_stringMetric, as.graphicsAnnot(x$label)) :
     no font could be found for family "Arial"
    Warning in grid.Call(C_stringMetric, as.graphicsAnnot(x$label)) :
     no font could be found for family "Arial"
    Warning in grid.Call(C_stringMetric, as.graphicsAnnot(x$label)) :
     no font could be found for family "Arial"
    Warning in grid.Call(C_stringMetric, as.graphicsAnnot(x$label)) :
     no font could be found for family "Arial"
    Warning in grid.Call(C_stringMetric, as.graphicsAnnot(x$label)) :
     no font could be found for family "Arial"
    Warning in grid.Call(C_stringMetric, as.graphicsAnnot(x$label)) :
     no font could be found for family "Arial"
    Warning in grid.Call(C_stringMetric, as.graphicsAnnot(x$label)) :
     no font could be found for family "Arial"
    Warning in grid.Call(C_stringMetric, as.graphicsAnnot(x$label)) :
     no font could be found for family "Arial"
    Warning in grid.Call(C_stringMetric, as.graphicsAnnot(x$label)) :
     no font could be found for family "Arial"
    Warning in grid.Call(C_stringMetric, as.graphicsAnnot(x$label)) :
     no font could be found for family "Arial"
    Warning in grid.Call(C_stringMetric, as.graphicsAnnot(x$label)) :
     no font could be found for family "Arial"
    Warning in grid.Call(C_stringMetric, as.graphicsAnnot(x$label)) :
     no font could be found for family "Arial"
    Warning in grid.Call(C_stringMetric, as.graphicsAnnot(x$label)) :
     no font could be found for family "Arial"
    Warning in grid.Call(C_stringMetric, as.graphicsAnnot(x$label)) :
     no font could be found for family "Arial"
    Warning in grid.Call(C_stringMetric, as.graphicsAnnot(x$label)) :
     no font could be found for family "Arial"
    Warning in grid.Call(C_stringMetric, as.graphicsAnnot(x$label)) :
     no font could be found for family "Arial"
    Warning in grid.Call(C_stringMetric, as.graphicsAnnot(x$label)) :
     no font could be found for family "Arial"
    Warning in grid.Call(C_stringMetric, as.graphicsAnnot(x$label)) :
     no font could be found for family "Arial"
    Warning in grid.Call(C_stringMetric, as.graphicsAnnot(x$label)) :
     no font could be found for family "Arial"
    Warning in grid.Call(C_stringMetric, as.graphicsAnnot(x$label)) :
     no font could be found for family "Arial"
    Warning in grid.Call(C_stringMetric, as.graphicsAnnot(x$label)) :
     no font could be found for family "Arial"
    Warning in grid.Call(C_textBounds, as.graphicsAnnot(x$label), x$x, x$y, :
     no font could be found for family "Arial"
    Warning in grid.Call(C_textBounds, as.graphicsAnnot(x$label), x$x, x$y, :
     no font could be found for family "Arial"
    Quitting from lines 232-249 (comtradr-vignette.Rmd)
    Error: processing vignette 'comtradr-vignette.Rmd' failed with diagnostics:
    polygon edge not found
    --- failed re-building ‘comtradr-vignette.Rmd’
    
    SUMMARY: processing the following file failed:
     ‘comtradr-vignette.Rmd’
    
    Error: Vignette re-building failed.
    Execution halted
Flavor: r-release-macos-arm64