CRAN Package Check Results for Package commonmark

Last updated on 2021-06-18 13:51:40 CEST.

Flavor Version Tinstall Tcheck Ttotal Status Flags
r-devel-linux-x86_64-debian-clang 1.7 14.10 21.94 36.04 OK
r-devel-linux-x86_64-debian-gcc 1.7 12.25 17.66 29.91 OK
r-devel-linux-x86_64-fedora-clang 1.7 55.89 OK
r-devel-linux-x86_64-fedora-gcc 1.7 51.14 OK
r-devel-windows-x86_64 1.7 27.00 34.00 61.00 OK
r-devel-windows-x86_64-gcc10-UCRT 1.7 OK
r-patched-linux-x86_64 1.7 15.02 21.40 36.42 OK
r-patched-solaris-x86 1.7 73.20 OK
r-release-linux-x86_64 1.7 13.54 21.28 34.82 OK
r-release-macos-arm64 1.7 OK
r-release-macos-x86_64 1.7 ERROR
r-release-windows-ix86+x86_64 1.7 53.00 50.00 103.00 OK
r-oldrel-macos-x86_64 1.7 OK
r-oldrel-windows-ix86+x86_64 1.7 44.00 49.00 93.00 OK

Check Details

Version: 1.7
Check: tests
Result: ERROR
     Running ‘testthat.R’ [0s/0s]
    Running the tests in ‘tests/testthat.R’ failed.
    Complete output:
     > library(testthat)
     Error: package or namespace load failed for 'testthat' in loadNamespace(i, c(lib.loc, .libPaths()), versionCheck = vI[[i]]):
     there is no package called 'rlang'
     Execution halted
Flavor: r-release-macos-x86_64