CRAN Package Check Results for Package combiroc

Last updated on 2021-11-26 19:52:46 CET.

Flavor Version Tinstall Tcheck Ttotal Status Flags
r-devel-linux-x86_64-debian-clang 0.2.3 6.17 79.24 85.41 OK
r-devel-linux-x86_64-debian-gcc 0.2.3 5.00 58.92 63.92 OK
r-devel-linux-x86_64-fedora-clang 0.2.3 116.74 NOTE
r-devel-linux-x86_64-fedora-gcc 0.2.3 100.09 NOTE
r-devel-windows-x86_64-new-UL 0.2.3 16.00 129.00 145.00 OK
r-devel-windows-x86_64-new-TK 0.2.3 NOTE
r-devel-windows-x86_64-old 0.2.3 10.00 98.00 108.00 OK
r-patched-linux-x86_64 0.2.3 3.89 70.97 74.86 OK
r-patched-solaris-x86 0.2.3 138.30 NOTE
r-release-linux-x86_64 0.2.3 OK
r-release-macos-arm64 0.2.3 NOTE
r-release-macos-x86_64 0.2.3 NOTE
r-release-windows-ix86+x86_64 0.2.3 17.00 100.00 117.00 OK
r-oldrel-macos-x86_64 0.2.3 NOTE
r-oldrel-windows-ix86+x86_64 0.2.3 18.00 100.00 118.00 OK

Check Details

Version: 0.2.3
Check: dependencies in R code
Result: NOTE
    Namespace in Imports field not imported from: ‘devtools’
     All declared Imports should be used.
Flavors: r-devel-linux-x86_64-fedora-clang, r-devel-linux-x86_64-fedora-gcc, r-devel-windows-x86_64-new-TK, r-patched-solaris-x86, r-release-macos-arm64, r-release-macos-x86_64, r-oldrel-macos-x86_64