CRAN Package Check Results for Package combinationpvalues

Last updated on 2024-06-18 12:55:50 CEST.

Flavor Version Tinstall Tcheck Ttotal Status Flags
r-devel-linux-x86_64-debian-clang 0.1.4 2.34 22.09 24.43 NOTE
r-devel-linux-x86_64-debian-gcc 0.1.4 1.73 16.83 18.56 NOTE
r-devel-linux-x86_64-fedora-clang 0.1.4 31.24 NOTE
r-devel-linux-x86_64-fedora-gcc 0.1.4 29.46 NOTE
r-devel-windows-x86_64 0.1.4 3.00 39.00 42.00 NOTE
r-patched-linux-x86_64 0.1.4 1.92 21.10 23.02 NOTE
r-release-linux-x86_64 0.1.4 2.22 21.04 23.26 NOTE
r-release-macos-arm64 0.1.4 16.00 NOTE
r-release-macos-x86_64 0.1.4 21.00 NOTE
r-release-windows-x86_64 0.1.4 3.00 40.00 43.00 NOTE
r-oldrel-macos-arm64 0.1.4 15.00 NOTE
r-oldrel-macos-x86_64 0.1.4 19.00 NOTE
r-oldrel-windows-x86_64 0.1.4 4.00 41.00 45.00 NOTE

Check Details

Version: 0.1.4
Check: package subdirectories
Result: NOTE Problems with news in ‘NEWS.md’: No news entries found. Flavors: r-devel-linux-x86_64-debian-clang, r-devel-linux-x86_64-debian-gcc, r-devel-linux-x86_64-fedora-clang, r-devel-linux-x86_64-fedora-gcc, r-devel-windows-x86_64, r-patched-linux-x86_64, r-release-linux-x86_64, r-release-macos-arm64, r-release-macos-x86_64, r-release-windows-x86_64, r-oldrel-macos-arm64, r-oldrel-macos-x86_64, r-oldrel-windows-x86_64

Version: 0.1.4
Check: dependencies in R code
Result: NOTE Namespaces in Imports field not imported from: ‘chi’ ‘dplyr’ ‘spatstat.utils’ ‘utils’ All declared Imports should be used. Flavors: r-devel-linux-x86_64-fedora-clang, r-devel-linux-x86_64-fedora-gcc