CRAN Package Check Results for Package colorspace

Last updated on 2024-04-13 21:41:33 CEST.

Flavor Version Tinstall Tcheck Ttotal Status Flags
r-devel-linux-x86_64-debian-clang 2.1-0 12.38 119.55 131.93 OK
r-devel-linux-x86_64-debian-gcc 2.1-0 7.27 89.30 96.57 OK
r-devel-linux-x86_64-fedora-clang 2.1-0 156.76 OK
r-devel-linux-x86_64-fedora-gcc 2.1-0 191.97 OK
r-devel-windows-x86_64 2.1-0 19.00 130.00 149.00 OK
r-patched-linux-x86_64 2.1-0 13.34 113.82 127.16 OK
r-release-linux-x86_64 2.1-0 11.99 106.60 118.59 OK
r-release-macos-arm64 2.1-0 62.00 OK
r-release-macos-x86_64 2.1-0 92.00 OK
r-release-windows-x86_64 2.1-0 17.00 153.00 170.00 OK
r-oldrel-macos-arm64 2.1-0 47.00 ERROR
r-oldrel-windows-x86_64 2.1-0 22.00 147.00 169.00 OK

Check Details

Version: 2.1-0
Check: examples
Result: ERROR Running examples in ‘colorspace-Ex.R’ failed The error most likely occurred in: > ### Name: scale_colour_binned_diverging > ### Title: HCL-Based Binned Diverging Color Scales for ggplot2 > ### Aliases: scale_colour_binned_diverging scale_color_binned_diverging > ### scale_fill_binned_diverging > > ### ** Examples > > # adapted from stackoverflow: https://stackoverflow.com/a/20127706/4975218 > > library("ggplot2") Error: package or namespace load failed for ‘ggplot2’: .onAttach failed in attachNamespace() for 'ggplot2', details: call: loadNamespace(x) error: there is no package called ‘withr’ Execution halted Flavor: r-oldrel-macos-arm64