CRAN Package Check Results for Package collections

Last updated on 2021-09-28 07:48:23 CEST.

Flavor Version Tinstall Tcheck Ttotal Status Flags
r-devel-linux-x86_64-debian-clang 0.3.5 5.84 25.31 31.15 NOTE
r-devel-linux-x86_64-debian-gcc 0.3.5 4.25 19.91 24.16 NOTE
r-devel-linux-x86_64-fedora-clang 0.3.5 47.52 NOTE
r-devel-linux-x86_64-fedora-gcc 0.3.5 36.72 NOTE
r-devel-windows-x86_64 0.3.5 10.00 37.00 47.00 NOTE
r-devel-windows-x86_64-gcc10-UCRT 0.3.5 NOTE
r-patched-linux-x86_64 0.3.5 5.60 24.87 30.47 NOTE
r-patched-solaris-x86 0.3.5 55.00 NOTE
r-release-linux-x86_64 0.3.5 4.93 24.77 29.70 NOTE
r-release-macos-arm64 0.3.5 NOTE
r-release-macos-x86_64 0.3.5 NOTE
r-release-windows-ix86+x86_64 0.3.5 21.00 40.00 61.00 NOTE
r-oldrel-macos-x86_64 0.3.5 OK
r-oldrel-windows-ix86+x86_64 0.3.5 29.00 42.00 71.00 OK

Check Details

Version: 0.3.5
Check: LazyData
Result: NOTE
     'LazyData' is specified without a 'data' directory
Flavors: r-devel-linux-x86_64-debian-clang, r-devel-linux-x86_64-debian-gcc, r-devel-linux-x86_64-fedora-clang, r-devel-linux-x86_64-fedora-gcc, r-devel-windows-x86_64, r-devel-windows-x86_64-gcc10-UCRT, r-patched-linux-x86_64, r-patched-solaris-x86, r-release-linux-x86_64, r-release-macos-arm64, r-release-macos-x86_64, r-release-windows-ix86+x86_64