CRAN Package Check Results for Package cohorttools

Last updated on 2022-09-25 12:55:54 CEST.

Flavor Version Tinstall Tcheck Ttotal Status Flags
r-devel-linux-x86_64-debian-clang 0.1.4 16.57 119.62 136.19 NOTE
r-devel-linux-x86_64-debian-gcc 0.1.4 11.41 88.72 100.13 NOTE
r-devel-linux-x86_64-fedora-clang 0.1.4 168.94 NOTE
r-devel-linux-x86_64-fedora-gcc 0.1.4 173.16 NOTE
r-devel-windows-x86_64 0.1.4 22.00 133.00 155.00 NOTE
r-patched-linux-x86_64 0.1.4 16.67 112.94 129.61 NOTE
r-release-linux-x86_64 0.1.4 9.30 108.55 117.85 NOTE
r-release-macos-arm64 0.1.4 43.00 NOTE
r-release-macos-x86_64 0.1.4 93.00 NOTE
r-release-windows-x86_64 0.1.4 17.00 136.00 153.00 NOTE
r-oldrel-macos-arm64 0.1.4 51.00 NOTE
r-oldrel-macos-x86_64 0.1.4 79.00 NOTE
r-oldrel-windows-ix86+x86_64 0.1.4 33.00 141.00 174.00 NOTE

Check Details

Version: 0.1.4
Check: LazyData
Result: NOTE
     'LazyData' is specified without a 'data' directory
Flavors: r-devel-linux-x86_64-debian-clang, r-devel-linux-x86_64-debian-gcc, r-devel-linux-x86_64-fedora-clang, r-devel-linux-x86_64-fedora-gcc, r-devel-windows-x86_64, r-patched-linux-x86_64, r-release-linux-x86_64, r-release-macos-arm64, r-release-macos-x86_64, r-release-windows-x86_64, r-oldrel-macos-arm64, r-oldrel-macos-x86_64, r-oldrel-windows-ix86+x86_64