CRAN Package Check Results for Package cohortBuilder

Last updated on 2022-10-05 21:53:30 CEST.

Flavor Version Tinstall Tcheck Ttotal Status Flags
r-devel-linux-x86_64-debian-clang 0.1 9.39 90.20 99.59 OK
r-devel-linux-x86_64-debian-gcc 0.1 7.52 65.92 73.44 OK
r-devel-linux-x86_64-fedora-clang 0.1 135.26 NOTE
r-devel-linux-x86_64-fedora-gcc 0.1 130.62 NOTE
r-devel-windows-x86_64 0.1 110.00 167.00 277.00 OK
r-patched-linux-x86_64 0.1 10.24 79.58 89.82 OK
r-release-linux-x86_64 0.1 8.03 80.60 88.63 OK
r-release-macos-arm64 0.1 39.00 NOTE
r-release-macos-x86_64 0.1 54.00 NOTE
r-release-windows-x86_64 0.1 115.00 144.00 259.00 OK
r-oldrel-macos-arm64 0.1 43.00 NOTE
r-oldrel-macos-x86_64 0.1 59.00 NOTE
r-oldrel-windows-ix86+x86_64 0.1 24.00 112.00 136.00 OK

Check Details

Version: 0.1
Check: dependencies in R code
Result: NOTE
    Namespaces in Imports field not imported from:
     ‘R6’ ‘formatR’ ‘jsonlite’ ‘yaml’
     All declared Imports should be used.
Flavors: r-devel-linux-x86_64-fedora-clang, r-devel-linux-x86_64-fedora-gcc, r-release-macos-arm64, r-release-macos-x86_64, r-oldrel-macos-arm64, r-oldrel-macos-x86_64