CRAN Package Check Results for Package codep

Last updated on 2021-09-20 01:48:31 CEST.

Flavor Version Tinstall Tcheck Ttotal Status Flags
r-devel-linux-x86_64-debian-clang 0.9-1 4.23 38.25 42.48 OK
r-devel-linux-x86_64-debian-gcc 0.9-1 3.73 28.95 32.68 OK
r-devel-linux-x86_64-fedora-clang 0.9-1 60.16 OK
r-devel-linux-x86_64-fedora-gcc 0.9-1 49.80 OK
r-devel-windows-x86_64 0.9-1 7.00 41.00 48.00 OK
r-devel-windows-x86_64-gcc10-UCRT 0.9-1 ERROR
r-patched-linux-x86_64 0.9-1 3.94 36.34 40.28 OK
r-patched-solaris-x86 0.9-1 74.10 OK
r-release-linux-x86_64 0.9-1 3.63 36.33 39.96 OK
r-release-macos-arm64 0.9-1 OK
r-release-macos-x86_64 0.9-1 OK
r-release-windows-ix86+x86_64 0.9-1 11.00 56.00 67.00 OK
r-oldrel-macos-x86_64 0.9-1 OK
r-oldrel-windows-ix86+x86_64 0.9-1 12.00 56.00 68.00 OK

Check Details

Version: 0.9-1
Check: whether package can be installed
Result: ERROR
    Installation failed.
Flavor: r-devel-windows-x86_64-gcc10-UCRT