Last updated on 2023-02-05 00:55:16 CET.
Flavor | Version | Tinstall | Tcheck | Ttotal | Status | Flags |
---|---|---|---|---|---|---|
r-devel-linux-x86_64-debian-clang | 0.9.2 | 6.21 | 212.03 | 218.24 | NOTE | |
r-devel-linux-x86_64-debian-gcc | 0.9.2 | 6.60 | 151.90 | 158.50 | NOTE | |
r-devel-linux-x86_64-fedora-clang | 0.9.2 | 247.48 | NOTE | |||
r-devel-linux-x86_64-fedora-gcc | 0.9.2 | 300.89 | NOTE | |||
r-devel-windows-x86_64 | 0.9.2 | 78.00 | 274.00 | 352.00 | NOTE | |
r-patched-linux-x86_64 | 0.9.2 | 6.96 | 196.16 | 203.12 | NOTE | |
r-release-linux-x86_64 | 0.9.2 | 6.47 | 224.06 | 230.53 | NOTE | |
r-release-macos-arm64 | 0.9.2 | 91.00 | NOTE | |||
r-release-macos-x86_64 | 0.9.2 | 142.00 | NOTE | |||
r-release-windows-x86_64 | 0.9.2 | 37.00 | 391.00 | 428.00 | NOTE | |
r-oldrel-macos-arm64 | 0.9.2 | 331.00 | NOTE | |||
r-oldrel-macos-x86_64 | 0.9.2 | 130.00 | NOTE | |||
r-oldrel-windows-ix86+x86_64 | 0.9.2 | 18.00 | 287.00 | 305.00 | OK |
Version: 0.9.2
Check: package dependencies
Result: NOTE
Package suggested but not available for checking: ‘userfriendlyscience’
Flavors: r-devel-linux-x86_64-debian-clang, r-devel-linux-x86_64-debian-gcc, r-devel-linux-x86_64-fedora-clang, r-devel-linux-x86_64-fedora-gcc, r-devel-windows-x86_64, r-patched-linux-x86_64, r-release-linux-x86_64, r-release-macos-arm64, r-release-macos-x86_64, r-release-windows-x86_64, r-oldrel-macos-arm64, r-oldrel-macos-x86_64
Version: 0.9.2
Check: dependencies in R code
Result: NOTE
Namespaces in Imports field not imported from:
‘graphics’ ‘jsonlite’ ‘rlang’ ‘tidyselect’ ‘vctrs’
All declared Imports should be used.
Flavors: r-devel-linux-x86_64-fedora-clang, r-devel-linux-x86_64-fedora-gcc, r-release-macos-arm64, r-release-macos-x86_64, r-oldrel-macos-arm64, r-oldrel-macos-x86_64
Version: 0.9.2
Check: data for non-ASCII characters
Result: NOTE
Note: found 65 marked UTF-8 strings
Flavors: r-devel-linux-x86_64-fedora-clang, r-devel-linux-x86_64-fedora-gcc, r-release-macos-arm64, r-release-macos-x86_64, r-oldrel-macos-arm64, r-oldrel-macos-x86_64