CRAN Package Check Results for Package coca

Last updated on 2024-02-22 00:58:26 CET.

Flavor Version Tinstall Tcheck Ttotal Status Flags
r-devel-linux-x86_64-debian-clang 1.1.0 NOTE
r-devel-linux-x86_64-debian-gcc 1.1.0 2.88 82.74 85.62 NOTE
r-devel-linux-x86_64-fedora-clang 1.1.0 140.62 NOTE
r-devel-linux-x86_64-fedora-gcc 1.1.0 149.17 NOTE
r-devel-windows-x86_64 1.1.0 4.00 110.00 114.00 NOTE
r-patched-linux-x86_64 1.1.0 2.34 111.73 114.07 NOTE
r-release-linux-x86_64 1.1.0 2.16 110.87 113.03 NOTE
r-release-macos-arm64 1.1.0 58.00 NOTE
r-release-macos-x86_64 1.1.0 94.00 NOTE
r-release-windows-x86_64 1.1.0 6.00 121.00 127.00 NOTE
r-oldrel-macos-arm64 1.1.0 60.00 NOTE
r-oldrel-windows-x86_64 1.1.0 6.00 118.00 124.00 NOTE

Check Details

Version: 1.1.0
Check: LazyData
Result: NOTE 'LazyData' is specified without a 'data' directory Flavors: r-devel-linux-x86_64-debian-clang, r-devel-linux-x86_64-debian-gcc, r-devel-linux-x86_64-fedora-clang, r-devel-linux-x86_64-fedora-gcc, r-devel-windows-x86_64, r-patched-linux-x86_64, r-release-linux-x86_64, r-release-macos-arm64, r-release-macos-x86_64, r-release-windows-x86_64, r-oldrel-macos-arm64, r-oldrel-windows-x86_64

Version: 1.1.0
Check: dependencies in R code
Result: NOTE Namespaces in Imports field not imported from: ‘Matrix’ ‘nnet’ All declared Imports should be used. Flavors: r-devel-linux-x86_64-fedora-clang, r-devel-linux-x86_64-fedora-gcc, r-oldrel-macos-arm64