CRAN Package Check Results for Package coca

Last updated on 2022-10-04 00:51:32 CEST.

Flavor Version Tinstall Tcheck Ttotal Status Flags
r-devel-linux-x86_64-debian-clang 1.1.0 3.69 117.19 120.88 NOTE
r-devel-linux-x86_64-debian-gcc 1.1.0 2.74 84.43 87.17 NOTE
r-devel-linux-x86_64-fedora-clang 1.1.0 154.75 NOTE
r-devel-linux-x86_64-fedora-gcc 1.1.0 152.28 NOTE
r-devel-windows-x86_64 1.1.0 15.00 145.00 160.00 NOTE
r-patched-linux-x86_64 1.1.0 2.33 106.02 108.35 NOTE
r-release-linux-x86_64 1.1.0 2.91 105.00 107.91 NOTE
r-release-macos-arm64 1.1.0 60.00 NOTE
r-release-macos-x86_64 1.1.0 83.00 NOTE
r-release-windows-x86_64 1.1.0 20.00 134.00 154.00 NOTE
r-oldrel-macos-arm64 1.1.0 61.00 NOTE
r-oldrel-macos-x86_64 1.1.0 69.00 NOTE
r-oldrel-windows-ix86+x86_64 1.1.0 10.00 140.00 150.00 NOTE

Check Details

Version: 1.1.0
Check: LazyData
Result: NOTE
     'LazyData' is specified without a 'data' directory
Flavors: r-devel-linux-x86_64-debian-clang, r-devel-linux-x86_64-debian-gcc, r-devel-linux-x86_64-fedora-clang, r-devel-linux-x86_64-fedora-gcc, r-devel-windows-x86_64, r-patched-linux-x86_64, r-release-linux-x86_64, r-release-macos-arm64, r-release-macos-x86_64, r-release-windows-x86_64, r-oldrel-macos-arm64, r-oldrel-macos-x86_64, r-oldrel-windows-ix86+x86_64

Version: 1.1.0
Check: dependencies in R code
Result: NOTE
    Namespaces in Imports field not imported from:
     ‘Matrix’ ‘nnet’
     All declared Imports should be used.
Flavors: r-devel-linux-x86_64-fedora-clang, r-devel-linux-x86_64-fedora-gcc, r-release-macos-arm64, r-release-macos-x86_64, r-oldrel-macos-arm64, r-oldrel-macos-x86_64