CRAN Package Check Results for Package coala

Last updated on 2022-09-30 00:49:11 CEST.

Flavor Version Tinstall Tcheck Ttotal Status Flags
r-devel-linux-x86_64-debian-clang 0.7.0 169.23 125.98 295.21 OK
r-devel-linux-x86_64-debian-gcc 0.7.0 140.50 98.23 238.73 OK
r-devel-linux-x86_64-fedora-clang 0.7.0 450.10 OK
r-devel-linux-x86_64-fedora-gcc 0.7.0 410.26 OK
r-devel-windows-x86_64 0.7.0 176.00 192.00 368.00 OK
r-patched-linux-x86_64 0.7.0 153.22 124.52 277.74 OK
r-release-linux-x86_64 0.7.0 145.83 121.73 267.56 OK
r-release-macos-arm64 0.7.0 107.00 NOTE
r-release-macos-x86_64 0.7.0 139.00 NOTE
r-release-windows-x86_64 0.7.0 286.00 197.00 483.00 OK
r-oldrel-macos-arm64 0.7.0 98.00 NOTE
r-oldrel-macos-x86_64 0.7.0 139.00 NOTE
r-oldrel-windows-ix86+x86_64 0.7.0 396.00 211.00 607.00 OK

Check Details

Version: 0.7.0
Check: installed package size
Result: NOTE
     installed size is 6.5Mb
     sub-directories of 1Mb or more:
     R 2.0Mb
     libs 3.9Mb
Flavors: r-release-macos-arm64, r-release-macos-x86_64, r-oldrel-macos-arm64, r-oldrel-macos-x86_64