CRAN Package Check Results for Package cmtest

Last updated on 2023-06-02 22:01:09 CEST.

Flavor Version Tinstall Tcheck Ttotal Status Flags
r-devel-linux-x86_64-debian-clang 0.1-2 2.63 31.28 33.91 NOTE
r-devel-linux-x86_64-debian-gcc 0.1-2 2.25 24.93 27.18 NOTE
r-devel-linux-x86_64-fedora-clang 0.1-2 46.38 NOTE
r-devel-linux-x86_64-fedora-gcc 0.1-2 56.35 NOTE
r-devel-windows-x86_64 0.1-2 3.00 46.00 49.00 NOTE
r-patched-linux-x86_64 0.1-2 NOTE
r-release-linux-x86_64 0.1-2 2.78 30.19 32.97 NOTE
r-release-macos-arm64 0.1-2 28.00 NOTE
r-release-macos-x86_64 0.1-2 37.00 NOTE
r-release-windows-x86_64 0.1-2 4.00 50.00 54.00 OK
r-oldrel-macos-arm64 0.1-2 20.00 OK
r-oldrel-macos-x86_64 0.1-2 29.00 OK
r-oldrel-windows-x86_64 0.1-2 4.00 54.00 58.00 OK

Check Details

Version: 0.1-2
Check: package dependencies
Result: NOTE
    Package suggested but not available for checking: ‘tobit1’
Flavors: r-devel-linux-x86_64-debian-clang, r-devel-linux-x86_64-debian-gcc, r-devel-linux-x86_64-fedora-clang, r-devel-linux-x86_64-fedora-gcc, r-devel-windows-x86_64, r-patched-linux-x86_64, r-release-linux-x86_64, r-release-macos-arm64, r-release-macos-x86_64