Last updated on 2023-06-01 00:59:36 CEST.
Flavor | Version | Tinstall | Tcheck | Ttotal | Status | Flags |
---|---|---|---|---|---|---|
r-devel-linux-x86_64-debian-clang | 0.3-2.3 | 6.71 | 38.20 | 44.91 | OK | |
r-devel-linux-x86_64-debian-gcc | 0.3-2.3 | 5.30 | 29.48 | 34.78 | OK | |
r-devel-linux-x86_64-fedora-clang | 0.3-2.3 | 57.38 | NOTE | |||
r-devel-linux-x86_64-fedora-gcc | 0.3-2.3 | 56.00 | NOTE | |||
r-devel-windows-x86_64 | 0.3-2.3 | 10.00 | 56.00 | 66.00 | OK | |
r-patched-linux-x86_64 | 0.3-2.3 | OK | ||||
r-release-linux-x86_64 | 0.3-2.3 | 5.96 | 36.89 | 42.85 | OK | |
r-release-macos-arm64 | 0.3-2.3 | 24.00 | OK | |||
r-release-macos-x86_64 | 0.3-2.2 | 30.00 | OK | |||
r-release-windows-x86_64 | 0.3-2.3 | 13.00 | 60.00 | 73.00 | OK | |
r-oldrel-macos-arm64 | 0.3-2.3 | 34.00 | OK | |||
r-oldrel-macos-x86_64 | 0.3-2.3 | 50.00 | OK | |||
r-oldrel-windows-x86_64 | 0.3-2.3 | 11.00 | 69.00 | 80.00 | OK |
Version: 0.3-2.3
Check: compiled code
Result: NOTE
File ‘clv/libs/clv.so’:
Found no calls to: ‘R_registerRoutines’, ‘R_useDynamicSymbols’
It is good practice to register native routines and to disable symbol
search.
See ‘Writing portable packages’ in the ‘Writing R Extensions’ manual.
Flavors: r-devel-linux-x86_64-fedora-clang, r-devel-linux-x86_64-fedora-gcc