CRAN Package Check Results for Package clustermq

Last updated on 2022-10-05 21:53:30 CEST.

Flavor Version Tinstall Tcheck Ttotal Status Flags
r-devel-linux-x86_64-debian-clang 0.8.95.3 39.86 63.66 103.52 OK
r-devel-linux-x86_64-debian-gcc 0.8.95.3 34.83 49.38 84.21 OK
r-devel-linux-x86_64-fedora-clang 0.8.95.3 151.71 ERROR
r-devel-linux-x86_64-fedora-gcc 0.8.95.3 121.95 NOTE
r-devel-windows-x86_64 0.8.95.3 53.00 128.00 181.00 OK
r-patched-linux-x86_64 0.8.95.3 39.32 60.91 100.23 OK
r-release-linux-x86_64 0.8.95.3 37.10 61.99 99.09 OK
r-release-macos-arm64 0.8.95.3 40.00 NOTE
r-release-macos-x86_64 0.8.95.3 72.00 NOTE
r-release-windows-x86_64 0.8.95.3 58.00 118.00 176.00 OK
r-oldrel-macos-arm64 0.8.95.3 51.00 NOTE
r-oldrel-macos-x86_64 0.8.95.3 66.00 NOTE
r-oldrel-windows-ix86+x86_64 0.8.95.3 106.00 126.00 232.00 OK

Check Details

Version: 0.8.95.3
Check: dependencies in R code
Result: NOTE
    Namespaces in Imports field not imported from:
     ‘R6’ ‘methods’ ‘purrr’
     All declared Imports should be used.
Flavors: r-devel-linux-x86_64-fedora-clang, r-devel-linux-x86_64-fedora-gcc, r-release-macos-arm64, r-release-macos-x86_64, r-oldrel-macos-arm64, r-oldrel-macos-x86_64

Version: 0.8.95.3
Check: tests
Result: ERROR
     Running ‘testthat.R’ [13s/23s]
    Running the tests in ‘tests/testthat.R’ failed.
    Complete output:
     > library(testthat)
     > test_check("clustermq")
     Loading required package: clustermq
     * Option 'clustermq.scheduler' not set, defaulting to 'LOCAL'
     --- see: https://mschubert.github.io/clustermq/articles/userguide.html#configuration
     [ FAIL 1 | WARN 0 | SKIP 6 | PASS 100 ]
    
     ══ Skipped tests ═══════════════════════════════════════════════════════════════
     • On CRAN (6)
    
     ══ Failed tests ════════════════════════════════════════════════════════════════
     ── Error (test-5-qsys_impl.r:26:5): qsys_multicore ─────────────────────────────
     Error in `master(qsys = workers, iter = df, rettype = rettype, fail_on_error = fail_on_error,
     chunk_size = chunk_size, timeout = timeout, max_calls_worker = max_calls_worker,
     verbose = verbose)`: Socket timeout reached, likely due to a worker crash
     Backtrace:
     ▆
     1. └─clustermq::Q(fx, x = 1:3, workers = w, timeout = 3L) at test-5-qsys_impl.r:26:4
     2. └─clustermq::Q_rows(...)
     3. └─clustermq:::master(...)
    
     [ FAIL 1 | WARN 0 | SKIP 6 | PASS 100 ]
     Error: Test failures
     Execution halted
Flavor: r-devel-linux-x86_64-fedora-clang

Version: 0.8.95.3
Check: installed package size
Result: NOTE
     installed size is 14.9Mb
     sub-directories of 1Mb or more:
     libs 13.9Mb
Flavors: r-release-macos-x86_64, r-oldrel-macos-arm64, r-oldrel-macos-x86_64