CRAN Package Check Results for Package clusterPower

Last updated on 2021-06-21 01:49:15 CEST.

Flavor Version Tinstall Tcheck Ttotal Status Flags
r-devel-linux-x86_64-debian-clang 0.7.0 16.73 84.70 101.43 OK
r-devel-linux-x86_64-debian-gcc 0.7.0 13.43 64.10 77.53 OK
r-devel-linux-x86_64-fedora-clang 0.7.0 128.05 OK
r-devel-linux-x86_64-fedora-gcc 0.7.0 119.98 OK
r-devel-windows-x86_64 0.7.0 25.00 100.00 125.00 OK
r-devel-windows-x86_64-gcc10-UCRT 0.7.0 ERROR
r-patched-linux-x86_64 0.7.0 16.02 81.55 97.57 OK
r-patched-solaris-x86 0.7.0 148.00 OK
r-release-linux-x86_64 0.7.0 13.01 82.52 95.53 OK
r-release-macos-arm64 0.7.0 OK
r-release-macos-x86_64 0.7.0 OK
r-release-windows-ix86+x86_64 0.7.0 31.00 120.00 151.00 OK
r-oldrel-macos-x86_64 0.7.0 OK

Check Details

Version: 0.7.0
Check: package dependencies
Result: ERROR
    Package required but not available: 'car'
    
    Package suggested but not available for checking: 'tidyverse'
    
    See section 'The DESCRIPTION file' in the 'Writing R Extensions'
    manual.
Flavor: r-devel-windows-x86_64-gcc10-UCRT