Last updated on 2023-01-29 06:51:54 CET.
Flavor | Version | Tinstall | Tcheck | Ttotal | Status | Flags |
---|---|---|---|---|---|---|
r-devel-linux-x86_64-debian-clang | 1.3.7 | 5.79 | 42.50 | 48.29 | NOTE | |
r-devel-linux-x86_64-debian-gcc | 1.3.7 | 4.08 | 31.74 | 35.82 | NOTE | |
r-devel-linux-x86_64-fedora-clang | 1.3.7 | 58.47 | NOTE | |||
r-devel-linux-x86_64-fedora-gcc | 1.3.7 | 59.21 | NOTE | |||
r-devel-windows-x86_64 | 1.3.7 | 67.00 | 71.00 | 138.00 | NOTE | |
r-patched-linux-x86_64 | 1.3.7 | 7.30 | 39.80 | 47.10 | OK | |
r-release-linux-x86_64 | 1.3.7 | 4.75 | 40.55 | 45.30 | OK | |
r-release-macos-arm64 | 1.3.7 | 20.00 | OK | |||
r-release-macos-x86_64 | 1.3.7 | 27.00 | OK | |||
r-release-windows-x86_64 | 1.3.7 | 122.00 | 67.00 | 189.00 | OK | |
r-oldrel-macos-arm64 | 1.3.7 | 24.00 | OK | |||
r-oldrel-macos-x86_64 | 1.3.7 | 40.00 | OK | |||
r-oldrel-windows-ix86+x86_64 | 1.3.7 | 10.00 | 60.00 | 70.00 | OK |
Version: 1.3.7
Check: Rd files
Result: NOTE
checkRd: (-1) genRandomClust.Rd:228: Escaped LaTeX specials: \_
checkRd: (-1) genRandomClust.Rd:259: Escaped LaTeX specials: \_
checkRd: (-1) genRandomClust.Rd:327: Escaped LaTeX specials: \_
checkRd: (-1) plot1DProjection.Rd:95: Escaped LaTeX specials: \_ \_
checkRd: (-1) plot2DProjection.Rd:117: Escaped LaTeX specials: \_ \_
checkRd: (-1) simClustDesign.Rd:235: Escaped LaTeX specials: \_
checkRd: (-1) simClustDesign.Rd:268: Escaped LaTeX specials: \_
checkRd: (-1) simClustDesign.Rd:331: Escaped LaTeX specials: \_
Flavors: r-devel-linux-x86_64-debian-clang, r-devel-linux-x86_64-debian-gcc, r-devel-linux-x86_64-fedora-clang, r-devel-linux-x86_64-fedora-gcc, r-devel-windows-x86_64