CRAN Package Check Results for Package cluscov

Last updated on 2021-09-19 13:48:58 CEST.

Flavor Version Tinstall Tcheck Ttotal Status Flags
r-devel-linux-x86_64-debian-clang 1.1.0 4.09 31.06 35.15 NOTE
r-devel-linux-x86_64-debian-gcc 1.1.0 2.74 24.15 26.89 NOTE
r-devel-linux-x86_64-fedora-clang 1.1.0 50.56 NOTE
r-devel-linux-x86_64-fedora-gcc 1.1.0 40.38 NOTE
r-devel-windows-x86_64 1.1.0 5.00 51.00 56.00 NOTE
r-devel-windows-x86_64-gcc10-UCRT 1.1.0 ERROR
r-patched-linux-x86_64 1.1.0 3.84 30.43 34.27 NOTE
r-patched-solaris-x86 1.1.0 61.60 NOTE
r-release-linux-x86_64 1.1.0 3.48 30.10 33.58 NOTE
r-release-macos-arm64 1.1.0 NOTE
r-release-macos-x86_64 1.1.0 NOTE
r-release-windows-ix86+x86_64 1.1.0 10.00 46.00 56.00 NOTE
r-oldrel-macos-x86_64 1.1.0 OK
r-oldrel-windows-ix86+x86_64 1.1.0 10.00 45.00 55.00 OK

Check Details

Version: 1.1.0
Check: LazyData
Result: NOTE
     'LazyData' is specified without a 'data' directory
Flavors: r-devel-linux-x86_64-debian-clang, r-devel-linux-x86_64-debian-gcc, r-devel-linux-x86_64-fedora-clang, r-devel-linux-x86_64-fedora-gcc, r-devel-windows-x86_64, r-patched-linux-x86_64, r-patched-solaris-x86, r-release-linux-x86_64, r-release-macos-arm64, r-release-macos-x86_64, r-release-windows-ix86+x86_64

Version: 1.1.0
Check: whether package can be installed
Result: ERROR
    Installation failed.
Flavor: r-devel-windows-x86_64-gcc10-UCRT