Last updated on 2023-02-05 00:55:16 CET.
Flavor | Version | Tinstall | Tcheck | Ttotal | Status | Flags |
---|---|---|---|---|---|---|
r-devel-linux-x86_64-debian-clang | 0.6.1 | 4.94 | 37.87 | 42.81 | NOTE | |
r-devel-linux-x86_64-debian-gcc | 0.6.1 | 3.33 | 29.65 | 32.98 | NOTE | |
r-devel-linux-x86_64-fedora-clang | 0.6.1 | 53.31 | NOTE | |||
r-devel-linux-x86_64-fedora-gcc | 0.6.1 | 72.18 | NOTE | |||
r-devel-windows-x86_64 | 0.6.1 | 36.00 | 89.00 | 125.00 | NOTE | |
r-patched-linux-x86_64 | 0.6.1 | 6.31 | 36.53 | 42.84 | NOTE | |
r-release-linux-x86_64 | 0.6.1 | 4.12 | 41.63 | 45.75 | NOTE | |
r-release-macos-arm64 | 0.6.1 | 26.00 | NOTE | |||
r-release-macos-x86_64 | 0.6.1 | 35.00 | NOTE | |||
r-release-windows-x86_64 | 0.6.1 | 46.00 | 93.00 | 139.00 | NOTE | |
r-oldrel-macos-arm64 | 0.6.1 | 25.00 | NOTE | |||
r-oldrel-macos-x86_64 | 0.6.1 | 42.00 | NOTE | |||
r-oldrel-windows-ix86+x86_64 | 0.6.1 | 10.00 | 64.00 | 74.00 | NOTE |
Version: 0.6.1
Check: LazyData
Result: NOTE
'LazyData' is specified without a 'data' directory
Flavors: r-devel-linux-x86_64-debian-clang, r-devel-linux-x86_64-debian-gcc, r-devel-linux-x86_64-fedora-clang, r-devel-linux-x86_64-fedora-gcc, r-devel-windows-x86_64, r-patched-linux-x86_64, r-release-linux-x86_64, r-release-macos-arm64, r-release-macos-x86_64, r-release-windows-x86_64, r-oldrel-macos-arm64, r-oldrel-macos-x86_64, r-oldrel-windows-ix86+x86_64