CRAN Package Check Results for Package cloudml

Last updated on 2023-12-06 00:58:08 CET.

Flavor Version Tinstall Tcheck Ttotal Status Flags
r-devel-linux-x86_64-debian-clang 0.6.1 4.81 38.11 42.92 NOTE
r-devel-linux-x86_64-debian-gcc 0.6.1 3.33 29.33 32.66 NOTE
r-devel-linux-x86_64-fedora-clang 0.6.1 52.39 NOTE
r-devel-linux-x86_64-fedora-gcc 0.6.1 71.03 NOTE
r-devel-windows-x86_64 0.6.1 6.00 53.00 59.00 NOTE
r-patched-linux-x86_64 0.6.1 7.84 37.68 45.52 NOTE
r-release-linux-x86_64 0.6.1 3.00 37.15 40.15 NOTE
r-release-macos-arm64 0.6.1 34.00 NOTE
r-release-macos-x86_64 0.6.1 45.00 NOTE
r-release-windows-x86_64 0.6.1 6.00 55.00 61.00 NOTE
r-oldrel-macos-arm64 0.6.1 26.00 NOTE
r-oldrel-macos-x86_64 0.6.1 35.00 NOTE
r-oldrel-windows-x86_64 0.6.1 7.00 58.00 65.00 NOTE

Check Details

Version: 0.6.1
Check: LazyData
Result: NOTE 'LazyData' is specified without a 'data' directory Flavors: r-devel-linux-x86_64-debian-clang, r-devel-linux-x86_64-debian-gcc, r-devel-linux-x86_64-fedora-clang, r-devel-linux-x86_64-fedora-gcc, r-devel-windows-x86_64, r-patched-linux-x86_64, r-release-linux-x86_64, r-release-macos-arm64, r-release-macos-x86_64, r-release-windows-x86_64, r-oldrel-macos-arm64, r-oldrel-macos-x86_64, r-oldrel-windows-x86_64